CRAN Package Check Results for Package FMsmsnReg

Last updated on 2025-04-30 04:50:06 CEST.

Flavor Version Tinstall Tcheck Ttotal Status Flags
r-devel-linux-x86_64-debian-clang 1.0 5.57 31.28 36.85 NOTE
r-devel-linux-x86_64-debian-gcc 1.0 3.35 22.53 25.88 NOTE
r-devel-linux-x86_64-fedora-clang 1.0 58.02 OK
r-devel-linux-x86_64-fedora-gcc 1.0 55.26 OK
r-devel-windows-x86_64 1.0 6.00 52.00 58.00 OK
r-patched-linux-x86_64 1.0 5.13 29.78 34.91 OK
r-release-linux-x86_64 1.0 5.03 29.93 34.96 OK
r-release-macos-arm64 1.0 19.00 OK
r-release-macos-x86_64 1.0 34.00 OK
r-release-windows-x86_64 1.0 5.00 51.00 56.00 OK
r-oldrel-macos-arm64 1.0 20.00 OK
r-oldrel-macos-x86_64 1.0 45.00 OK
r-oldrel-windows-x86_64 1.0 6.00 55.00 61.00 OK

Check Details

Version: 1.0
Check: CRAN incoming feasibility
Result: NOTE Maintainer: ‘Luis Benites Sanchez <lbenitesanchez@gmail.com>’ No Authors@R field in DESCRIPTION. Please add one, modifying Authors@R: c(person(given = c("Luis", "Benites"), family = "Sanchez", role = c("aut", "cre"), email = "lbenitesanchez@gmail.com"), person(given = c("Rocio", "Paola"), family = "Maehara", role = "aut"), person(given = c("Victor", "Hugo"), family = "Lachos", role = "aut")) as necessary. Flavors: r-devel-linux-x86_64-debian-clang, r-devel-linux-x86_64-debian-gcc