CRAN Package Check Results for Package FOCI

Last updated on 2025-04-30 04:50:06 CEST.

Flavor Version Tinstall Tcheck Ttotal Status Flags
r-devel-linux-x86_64-debian-clang 0.1.3 2.42 52.86 55.28 NOTE
r-devel-linux-x86_64-debian-gcc 0.1.3 1.85 39.74 41.59 NOTE
r-devel-linux-x86_64-fedora-clang 0.1.3 87.46 OK
r-devel-linux-x86_64-fedora-gcc 0.1.3 98.05 OK
r-devel-windows-x86_64 0.1.3 3.00 67.00 70.00 OK
r-patched-linux-x86_64 0.1.3 2.17 45.41 47.58 OK
r-release-linux-x86_64 0.1.3 2.21 45.80 48.01 OK
r-release-macos-arm64 0.1.3 37.00 OK
r-release-macos-x86_64 0.1.3 68.00 OK
r-release-windows-x86_64 0.1.3 3.00 74.00 77.00 OK
r-oldrel-macos-arm64 0.1.3 33.00 NOTE
r-oldrel-macos-x86_64 0.1.3 53.00 NOTE
r-oldrel-windows-x86_64 0.1.3 4.00 80.00 84.00 NOTE

Check Details

Version: 0.1.3
Check: CRAN incoming feasibility
Result: NOTE Maintainer: ‘Mona Azadkia <monaazadkia@gmail.com>’ The Description field contains simple measure of conditional dependence" <arXiv:1910.12327>. Please refer to arXiv e-prints via their arXiv DOI <doi:10.48550/arXiv.YYMM.NNNNN>. Flavors: r-devel-linux-x86_64-debian-clang, r-devel-linux-x86_64-debian-gcc

Version: 0.1.3
Check: examples
Result: NOTE Examples with CPU (user + system) or elapsed time > 5s user system elapsed foci 6.359 0.217 8.122 Flavor: r-devel-linux-x86_64-debian-clang

Version: 0.1.3
Check: examples
Result: NOTE Examples with CPU (user + system) or elapsed time > 5s user system elapsed foci 4.25 0.007 5.16 Flavor: r-devel-linux-x86_64-debian-gcc

Version: 0.1.3
Check: LazyData
Result: NOTE 'LazyData' is specified without a 'data' directory Flavors: r-oldrel-macos-arm64, r-oldrel-macos-x86_64, r-oldrel-windows-x86_64