Last updated on 2025-04-30 04:50:06 CEST.
Flavor | Version | Tinstall | Tcheck | Ttotal | Status | Flags |
---|---|---|---|---|---|---|
r-devel-linux-x86_64-debian-clang | 1.5.0 | 59.86 | 446.71 | 506.57 | OK | |
r-devel-linux-x86_64-debian-gcc | 1.5.0 | 48.50 | 281.30 | 329.80 | OK | |
r-devel-linux-x86_64-fedora-clang | 1.5.0 | 801.96 | OK | |||
r-devel-linux-x86_64-fedora-gcc | 1.5.0 | 815.32 | OK | |||
r-devel-windows-x86_64 | 1.5.0 | 76.00 | 400.00 | 476.00 | OK | |
r-patched-linux-x86_64 | 1.5.0 | 70.02 | 418.43 | 488.45 | OK | |
r-release-linux-x86_64 | 1.5.0 | 68.24 | 418.71 | 486.95 | OK | |
r-release-macos-arm64 | 1.5.0 | 266.00 | OK | |||
r-release-macos-x86_64 | 1.5.0 | 583.00 | OK | |||
r-release-windows-x86_64 | 1.5.0 | 75.00 | 399.00 | 474.00 | OK | |
r-oldrel-macos-arm64 | 1.5.0 | 209.00 | NOTE | |||
r-oldrel-macos-x86_64 | 1.5.0 | 744.00 | NOTE | |||
r-oldrel-windows-x86_64 | 1.5.0 | 83.00 | 549.00 | 632.00 | NOTE |
Version: 1.5.0
Check: installed package size
Result: NOTE
installed size is 17.8Mb
sub-directories of 1Mb or more:
data 2.7Mb
doc 1.1Mb
help 1.0Mb
libs 12.5Mb
Flavors: r-oldrel-macos-arm64, r-oldrel-macos-x86_64, r-oldrel-windows-x86_64