Last updated on 2025-04-30 04:50:06 CEST.
Flavor | Version | Tinstall | Tcheck | Ttotal | Status | Flags |
---|---|---|---|---|---|---|
r-devel-linux-x86_64-debian-clang | 0.1.0 | 30.31 | 272.77 | 303.08 | NOTE | |
r-devel-linux-x86_64-debian-gcc | 0.1.0 | 20.76 | 207.28 | 228.04 | NOTE | |
r-devel-linux-x86_64-fedora-clang | 0.1.0 | 490.18 | NOTE | |||
r-devel-linux-x86_64-fedora-gcc | 0.1.0 | 431.81 | NOTE | |||
r-devel-windows-x86_64 | 0.1.0 | 26.00 | 228.00 | 254.00 | OK | |
r-patched-linux-x86_64 | 0.1.0 | 24.95 | 257.18 | 282.13 | OK | |
r-release-linux-x86_64 | 0.1.0 | 25.76 | 253.27 | 279.03 | OK | |
r-release-macos-arm64 | 0.1.0 | 118.00 | OK | |||
r-release-macos-x86_64 | 0.1.0 | 235.00 | OK | |||
r-release-windows-x86_64 | 0.1.0 | 27.00 | 227.00 | 254.00 | OK | |
r-oldrel-macos-arm64 | 0.1.0 | 119.00 | OK | |||
r-oldrel-macos-x86_64 | 0.1.0 | 189.00 | OK | |||
r-oldrel-windows-x86_64 | 0.1.0 | 37.00 | 311.00 | 348.00 | OK |
Version: 0.1.0
Check: CRAN incoming feasibility
Result: NOTE
Maintainer: ‘Athanasse Zafirov <zafirov@gmail.com>’
Package CITATION file contains call(s) to old-style personList() or
as.personList(). Please use c() on person objects instead.
Package CITATION file contains call(s) to old-style citEntry(). Please
use bibentry() instead.
Flavors: r-devel-linux-x86_64-debian-clang, r-devel-linux-x86_64-debian-gcc
Version: 0.1.0
Check: examples
Result: NOTE
Examples with CPU (user + system) or elapsed time > 5s
user system elapsed
FREEtree 10.47 0.341 12.957
Flavor: r-devel-linux-x86_64-debian-clang
Version: 0.1.0
Check: examples
Result: NOTE
Examples with CPU (user + system) or elapsed time > 5s
user system elapsed
FREEtree 11.139 0.312 14.311
Flavor: r-devel-linux-x86_64-debian-gcc
Version: 0.1.0
Check: dependencies in R code
Result: NOTE
Namespace in Imports field not imported from: ‘MASS’
All declared Imports should be used.
Flavors: r-devel-linux-x86_64-fedora-clang, r-devel-linux-x86_64-fedora-gcc