Last updated on 2025-04-30 04:50:06 CEST.
Flavor | Version | Tinstall | Tcheck | Ttotal | Status | Flags |
---|---|---|---|---|---|---|
r-devel-linux-x86_64-debian-clang | 1.0 | 46.87 | 31.70 | 78.57 | NOTE | |
r-devel-linux-x86_64-debian-gcc | 1.0 | 32.25 | 26.41 | 58.66 | NOTE | |
r-devel-linux-x86_64-fedora-clang | 1.0 | 131.65 | NOTE | |||
r-devel-linux-x86_64-fedora-gcc | 1.0 | 140.82 | NOTE | |||
r-devel-windows-x86_64 | 1.0 | 48.00 | 86.00 | 134.00 | NOTE | |
r-patched-linux-x86_64 | 1.0 | 46.61 | 34.14 | 80.75 | NOTE | |
r-release-linux-x86_64 | 1.0 | 43.25 | 33.64 | 76.89 | NOTE | |
r-release-macos-arm64 | 1.0 | 41.00 | NOTE | |||
r-release-macos-x86_64 | 1.0 | 67.00 | NOTE | |||
r-release-windows-x86_64 | 1.0 | 48.00 | 82.00 | 130.00 | NOTE | |
r-oldrel-macos-arm64 | 1.0 | 38.00 | NOTE | |||
r-oldrel-macos-x86_64 | 1.0 | 57.00 | NOTE | |||
r-oldrel-windows-x86_64 | 1.0 | 55.00 | 93.00 | 148.00 | NOTE |
Version: 1.0
Check: C++ specification
Result: NOTE
Specified C++11: please drop specification unless essential
Flavors: r-devel-linux-x86_64-debian-clang, r-devel-linux-x86_64-debian-gcc, r-devel-linux-x86_64-fedora-clang, r-devel-linux-x86_64-fedora-gcc, r-devel-windows-x86_64, r-patched-linux-x86_64, r-release-linux-x86_64, r-release-macos-arm64, r-release-macos-x86_64, r-release-windows-x86_64, r-oldrel-macos-arm64, r-oldrel-macos-x86_64, r-oldrel-windows-x86_64
Version: 1.0
Check: Rd files
Result: NOTE
checkRd: (-1) maximin.Rd:197: Lost braces
197 | Meinshausen, N and P. B{u}hlmann (2015). Maximin effects in inhomogeneous large-scale data.
| ^
Flavors: r-devel-linux-x86_64-debian-clang, r-devel-linux-x86_64-debian-gcc, r-devel-linux-x86_64-fedora-clang, r-devel-linux-x86_64-fedora-gcc, r-devel-windows-x86_64, r-patched-linux-x86_64, r-release-linux-x86_64, r-release-macos-arm64, r-release-macos-x86_64, r-release-windows-x86_64, r-oldrel-macos-arm64, r-oldrel-macos-x86_64, r-oldrel-windows-x86_64
Version: 1.0
Check: examples
Result: NOTE
Examples with CPU (user + system) or elapsed time > 5s
user system elapsed
maximin 4.021 0.392 5.904
Flavor: r-devel-linux-x86_64-debian-clang
Version: 1.0
Check: installed package size
Result: NOTE
installed size is 8.7Mb
sub-directories of 1Mb or more:
libs 8.6Mb
Flavors: r-oldrel-macos-arm64, r-oldrel-macos-x86_64