Last updated on 2025-04-30 04:50:06 CEST.
Flavor | Version | Tinstall | Tcheck | Ttotal | Status | Flags |
---|---|---|---|---|---|---|
r-devel-linux-x86_64-debian-clang | 0.1.2 | 18.94 | 51.57 | 70.51 | NOTE | |
r-devel-linux-x86_64-debian-gcc | 0.1.2 | 12.50 | 39.37 | 51.87 | NOTE | |
r-devel-linux-x86_64-fedora-clang | 0.1.2 | 114.72 | NOTE | |||
r-devel-linux-x86_64-fedora-gcc | 0.1.2 | 109.82 | NOTE | |||
r-devel-windows-x86_64 | 0.1.2 | 21.00 | 83.00 | 104.00 | NOTE | |
r-patched-linux-x86_64 | 0.1.2 | 17.29 | 49.30 | 66.59 | NOTE | |
r-release-linux-x86_64 | 0.1.2 | 15.76 | 49.16 | 64.92 | NOTE | |
r-release-macos-arm64 | 0.1.2 | 38.00 | NOTE | |||
r-release-macos-x86_64 | 0.1.2 | 59.00 | NOTE | |||
r-release-windows-x86_64 | 0.1.2 | 22.00 | 89.00 | 111.00 | NOTE | |
r-oldrel-macos-arm64 | 0.1.2 | 35.00 | NOTE | |||
r-oldrel-macos-x86_64 | 0.1.2 | 51.00 | NOTE | |||
r-oldrel-windows-x86_64 | 0.1.2 | 24.00 | 99.00 | 123.00 | NOTE |
Version: 0.1.2
Check: CRAN incoming feasibility
Result: NOTE
Maintainer: ‘Rajen D. Shah <r.shah@statslab.cam.ac.uk>’
No Authors@R field in DESCRIPTION.
Please add one, modifying
Authors@R: c(person(given = c("Hyun", "Jik"),
family = "Kim",
role = "aut"),
person(given = c("Rajen", "D."),
family = "Shah",
role = c("aut", "cre"),
email = "r.shah@statslab.cam.ac.uk"))
as necessary.
Flavors: r-devel-linux-x86_64-debian-clang, r-devel-linux-x86_64-debian-gcc
Version: 0.1.2
Check: C++ specification
Result: NOTE
Specified C++11: please drop specification unless essential
Flavors: r-devel-linux-x86_64-debian-clang, r-devel-linux-x86_64-debian-gcc, r-devel-linux-x86_64-fedora-clang, r-devel-linux-x86_64-fedora-gcc, r-devel-windows-x86_64, r-patched-linux-x86_64, r-release-linux-x86_64, r-release-macos-arm64, r-release-macos-x86_64, r-release-windows-x86_64, r-oldrel-macos-arm64, r-oldrel-macos-x86_64, r-oldrel-windows-x86_64