Last updated on 2025-04-30 04:50:06 CEST.
Flavor | Version | Tinstall | Tcheck | Ttotal | Status | Flags |
---|---|---|---|---|---|---|
r-devel-linux-x86_64-debian-clang | 0.1.3 | 7.65 | 73.09 | 80.74 | NOTE | |
r-devel-linux-x86_64-debian-gcc | 0.1.3 | 5.03 | 53.16 | 58.19 | NOTE | |
r-devel-linux-x86_64-fedora-clang | 0.1.3 | 126.89 | OK | |||
r-devel-linux-x86_64-fedora-gcc | 0.1.3 | 133.09 | OK | |||
r-devel-windows-x86_64 | 0.1.3 | 10.00 | 92.00 | 102.00 | OK | |
r-patched-linux-x86_64 | 0.1.3 | 8.38 | 67.72 | 76.10 | OK | |
r-release-linux-x86_64 | 0.1.3 | 6.52 | 67.10 | 73.62 | OK | |
r-release-macos-arm64 | 0.1.3 | 80.00 | OK | |||
r-release-macos-x86_64 | 0.1.3 | 87.00 | OK | |||
r-release-windows-x86_64 | 0.1.3 | 11.00 | 99.00 | 110.00 | OK | |
r-oldrel-macos-arm64 | 0.1.3 | 45.00 | OK | |||
r-oldrel-macos-x86_64 | 0.1.3 | 123.00 | OK | |||
r-oldrel-windows-x86_64 | 0.1.3 | 13.00 | 111.00 | 124.00 | OK |
Version: 0.1.3
Check: CRAN incoming feasibility
Result: NOTE
Maintainer: ‘Alberto Garre <garre.alberto@gmail.com>’
Package CITATION file contains call(s) to old-style citEntry(). Please
use bibentry() instead.
Flavors: r-devel-linux-x86_64-debian-clang, r-devel-linux-x86_64-debian-gcc