CRAN Package Check Results for Package FSSF

Last updated on 2025-04-30 04:50:06 CEST.

Flavor Version Tinstall Tcheck Ttotal Status Flags
r-devel-linux-x86_64-debian-clang 0.1.1 73.40 22.59 95.99 NOTE
r-devel-linux-x86_64-debian-gcc 0.1.1 107.67 18.17 125.84 NOTE
r-devel-linux-x86_64-fedora-clang 0.1.1 206.67 NOTE
r-devel-linux-x86_64-fedora-gcc 0.1.1 235.89 NOTE
r-devel-windows-x86_64 0.1.1 117.00 71.00 188.00 NOTE
r-patched-linux-x86_64 0.1.1 90.60 21.61 112.21 NOTE
r-release-linux-x86_64 0.1.1 101.15 21.74 122.89 NOTE
r-release-macos-arm64 0.1.1 50.00 NOTE
r-release-macos-x86_64 0.1.1 63.00 NOTE
r-release-windows-x86_64 0.1.1 118.00 70.00 188.00 NOTE
r-oldrel-macos-arm64 0.1.1 50.00 NOTE
r-oldrel-macos-x86_64 0.1.1 51.00 NOTE
r-oldrel-windows-x86_64 0.1.1 137.00 75.00 212.00 NOTE

Check Details

Version: 0.1.1
Check: CRAN incoming feasibility
Result: NOTE Maintainer: ‘Boyang Shang <boyangshang2015@u.northwestern.edu>’ No Authors@R field in DESCRIPTION. Please add one, modifying Authors@R: c(person(given = "Boyang", family = "Shang", role = c("aut", "cre"), email = "boyangshang2015@u.northwestern.edu"), person(given = c("Daniel", "W."), family = "Apley", role = "aut")) as necessary. Flavors: r-devel-linux-x86_64-debian-clang, r-devel-linux-x86_64-debian-gcc

Version: 0.1.1
Check: C++ specification
Result: NOTE Specified C++11: please drop specification unless essential Flavors: r-devel-linux-x86_64-debian-clang, r-devel-linux-x86_64-debian-gcc, r-devel-linux-x86_64-fedora-clang, r-devel-linux-x86_64-fedora-gcc, r-devel-windows-x86_64, r-patched-linux-x86_64, r-release-linux-x86_64, r-release-macos-arm64, r-release-macos-x86_64, r-release-windows-x86_64, r-oldrel-macos-arm64, r-oldrel-macos-x86_64, r-oldrel-windows-x86_64