Last updated on 2025-04-30 04:50:06 CEST.
Flavor | Version | Tinstall | Tcheck | Ttotal | Status | Flags |
---|---|---|---|---|---|---|
r-devel-linux-x86_64-debian-clang | 1.0.0 | 11.77 | 492.77 | 504.54 | NOTE | |
r-devel-linux-x86_64-debian-gcc | 1.0.0 | 9.69 | 135.43 | 145.12 | NOTE | |
r-devel-linux-x86_64-fedora-clang | 1.0.0 | 724.39 | NOTE | |||
r-devel-linux-x86_64-fedora-gcc | 1.0.0 | 392.00 | NOTE | |||
r-devel-windows-x86_64 | 1.0.0 | 13.00 | 205.00 | 218.00 | NOTE | |
r-patched-linux-x86_64 | 1.0.0 | 12.03 | 1654.06 | 1666.09 | NOTE | |
r-release-linux-x86_64 | 1.0.0 | 11.14 | 178.59 | 189.73 | NOTE | |
r-release-macos-arm64 | 1.0.0 | 99.00 | NOTE | |||
r-release-macos-x86_64 | 1.0.0 | 181.00 | NOTE | |||
r-release-windows-x86_64 | 1.0.0 | 13.00 | 158.00 | 171.00 | NOTE | |
r-oldrel-macos-arm64 | 1.0.0 | 71.00 | OK | |||
r-oldrel-macos-x86_64 | 1.0.0 | 118.00 | OK | |||
r-oldrel-windows-x86_64 | 1.0.0 | 16.00 | 241.00 | 257.00 | OK |
Version: 1.0.0
Check: DESCRIPTION meta-information
Result: NOTE
Missing dependency on R >= 4.1.0 because package code uses the pipe
|> or function shorthand \(...) syntax added in R 4.1.0.
File(s) using such syntax:
‘utility_fSACF.R’
Flavors: r-devel-linux-x86_64-debian-clang, r-devel-linux-x86_64-debian-gcc, r-devel-linux-x86_64-fedora-clang, r-devel-linux-x86_64-fedora-gcc, r-devel-windows-x86_64, r-patched-linux-x86_64, r-release-linux-x86_64, r-release-macos-arm64, r-release-macos-x86_64, r-release-windows-x86_64