Last updated on 2025-04-30 04:50:05 CEST.
Flavor | Version | Tinstall | Tcheck | Ttotal | Status | Flags |
---|---|---|---|---|---|---|
r-devel-linux-x86_64-debian-clang | 2016.5.31 | 1.39 | 13.86 | 15.25 | NOTE | |
r-devel-linux-x86_64-debian-gcc | 2016.5.31 | 1.08 | 11.89 | 12.97 | NOTE | |
r-devel-linux-x86_64-fedora-clang | 2016.5.31 | 24.86 | NOTE | |||
r-devel-linux-x86_64-fedora-gcc | 2016.5.31 | 23.43 | NOTE | |||
r-devel-windows-x86_64 | 2016.5.31 | 2.00 | 47.00 | 49.00 | NOTE | |
r-patched-linux-x86_64 | 2016.5.31 | 1.51 | 13.11 | 14.62 | NOTE | |
r-release-linux-x86_64 | 2016.5.31 | 1.04 | 13.06 | 14.10 | NOTE | |
r-release-macos-arm64 | 2016.5.31 | 12.00 | NOTE | |||
r-release-macos-x86_64 | 2016.5.31 | 20.00 | NOTE | |||
r-release-windows-x86_64 | 2016.5.31 | 3.00 | 40.00 | 43.00 | NOTE | |
r-oldrel-macos-arm64 | 2016.5.31 | 12.00 | NOTE | |||
r-oldrel-macos-x86_64 | 2016.5.31 | 18.00 | NOTE | |||
r-oldrel-windows-x86_64 | 2016.5.31 | 3.00 | 38.00 | 41.00 | NOTE |
Version: 2016.5.31
Check: CRAN incoming feasibility
Result: NOTE
Maintainer: ‘Kjetil B Halvorsen <kjetil1001@gmail.com>’
No Authors@R field in DESCRIPTION.
Please add one, modifying
Authors@R: c(person(given = c("compiled", "by", "Kjetil", "B"),
family = "Halvorsen",
role = "aut"),
person(given = c("Kjetil", "B"),
family = "Halvorsen",
role = "cre",
email = "kjetil1001@gmail.com"))
as necessary.
Flavors: r-devel-linux-x86_64-debian-clang, r-devel-linux-x86_64-debian-gcc
Version: 2016.5.31
Check: Rd files
Result: NOTE
checkRd: (-1) happy.Rd:14: Lost braces
14 | code{Pretty happy} < \code{Very happy}}
| ^
Flavors: r-devel-linux-x86_64-debian-clang, r-devel-linux-x86_64-debian-gcc, r-devel-linux-x86_64-fedora-clang, r-devel-linux-x86_64-fedora-gcc, r-devel-windows-x86_64, r-patched-linux-x86_64, r-release-linux-x86_64, r-release-macos-arm64, r-release-macos-x86_64, r-release-windows-x86_64, r-oldrel-macos-arm64, r-oldrel-macos-x86_64, r-oldrel-windows-x86_64