Last updated on 2025-04-30 04:50:05 CEST.
Flavor | Version | Tinstall | Tcheck | Ttotal | Status | Flags |
---|---|---|---|---|---|---|
r-devel-linux-x86_64-debian-clang | 2.2.1 | 5.15 | 35.32 | 40.47 | NOTE | |
r-devel-linux-x86_64-debian-gcc | 2.2.1 | 3.31 | 26.25 | 29.56 | NOTE | |
r-devel-linux-x86_64-fedora-clang | 2.2.1 | 66.11 | NOTE | |||
r-devel-linux-x86_64-fedora-gcc | 2.2.1 | 59.50 | NOTE | |||
r-devel-windows-x86_64 | 2.2.1 | 6.00 | 50.00 | 56.00 | OK | |
r-patched-linux-x86_64 | 2.2.1 | 4.48 | 32.88 | 37.36 | OK | |
r-release-linux-x86_64 | 2.2.1 | 4.80 | 33.27 | 38.07 | OK | |
r-release-macos-arm64 | 2.2.1 | 22.00 | OK | |||
r-release-macos-x86_64 | 2.2.1 | 39.00 | OK | |||
r-release-windows-x86_64 | 2.2.1 | 7.00 | 51.00 | 58.00 | OK | |
r-oldrel-macos-arm64 | 2.2.1 | 22.00 | OK | |||
r-oldrel-macos-x86_64 | 2.2.1 | 33.00 | OK | |||
r-oldrel-windows-x86_64 | 2.2.1 | 8.00 | 60.00 | 68.00 | OK |
Version: 2.2.1
Check: CRAN incoming feasibility
Result: NOTE
Maintainer: ‘Carlos Santos-Mangudo <carlossantos.csm@gmail.com>’
No Authors@R field in DESCRIPTION.
Please add one, modifying
Authors@R: person(given = "Carlos",
family = "Santos-Mangudo",
role = c("aut", "cre"),
email = "carlossantos.csm@gmail.com")
as necessary.
Flavors: r-devel-linux-x86_64-debian-clang, r-devel-linux-x86_64-debian-gcc
Version: 2.2.1
Check: dependencies in R code
Result: NOTE
Namespaces in Imports field not imported from:
‘base’ ‘data.table’
All declared Imports should be used.
Flavors: r-devel-linux-x86_64-fedora-clang, r-devel-linux-x86_64-fedora-gcc