Last updated on 2025-04-30 04:50:05 CEST.
Flavor | Version | Tinstall | Tcheck | Ttotal | Status | Flags |
---|---|---|---|---|---|---|
r-devel-linux-x86_64-debian-clang | 3.2 | 14.93 | 138.01 | 152.94 | NOTE | |
r-devel-linux-x86_64-debian-gcc | 3.2 | 9.32 | 89.30 | 98.62 | NOTE | |
r-devel-linux-x86_64-fedora-clang | 3.2 | 250.20 | OK | |||
r-devel-linux-x86_64-fedora-gcc | 3.2 | 239.42 | OK | |||
r-devel-windows-x86_64 | 3.2 | 16.00 | 155.00 | 171.00 | OK | |
r-patched-linux-x86_64 | 3.2 | 15.95 | 132.34 | 148.29 | OK | |
r-release-linux-x86_64 | 3.2 | 13.77 | 130.31 | 144.08 | OK | |
r-release-macos-arm64 | 3.2 | 65.00 | OK | |||
r-release-macos-x86_64 | 3.2 | 123.00 | OK | |||
r-release-windows-x86_64 | 3.2 | 15.00 | 148.00 | 163.00 | OK | |
r-oldrel-macos-arm64 | 3.2 | 62.00 | OK | |||
r-oldrel-macos-x86_64 | 3.2 | 176.00 | OK | |||
r-oldrel-windows-x86_64 | 3.2 | 19.00 | 183.00 | 202.00 | OK |
Version: 3.2
Check: CRAN incoming feasibility
Result: NOTE
Maintainer: ‘Yun-Hee Choi <yun-hee.choi@schulich.uwo.ca>’
No Authors@R field in DESCRIPTION.
Please add one, modifying
Authors@R: c(person(given = "Yun-Hee",
family = "Choi",
role = c("aut", "cre"),
email = "yun-hee.choi@schulich.uwo.ca"),
person(given = "Karen",
family = "Kopciuk",
role = "aut"),
person(given = "Wenqing",
family = "He",
role = "aut"),
person(given = "Laurent",
family = "Briollais",
role = "aut"))
as necessary.
Flavors: r-devel-linux-x86_64-debian-clang, r-devel-linux-x86_64-debian-gcc
Version: 3.2
Check: examples
Result: NOTE
Examples with CPU (user + system) or elapsed time > 5s
user system elapsed
simfam 13.415 0.007 17.075
Flavor: r-devel-linux-x86_64-debian-clang
Version: 3.2
Check: examples
Result: NOTE
Examples with CPU (user + system) or elapsed time > 5s
user system elapsed
simfam 7.55 0 9.732
Flavor: r-devel-linux-x86_64-debian-gcc