CRAN Package Check Results for Package FamilyRank

Last updated on 2025-04-30 04:50:05 CEST.

Flavor Version Tinstall Tcheck Ttotal Status Flags
r-devel-linux-x86_64-debian-clang 1.0 20.63 26.86 47.49 NOTE
r-devel-linux-x86_64-debian-gcc 1.0 14.07 21.09 35.16 NOTE
r-devel-linux-x86_64-fedora-clang 1.0 84.72 NOTE
r-devel-linux-x86_64-fedora-gcc 1.0 76.62 NOTE
r-devel-windows-x86_64 1.0 24.00 68.00 92.00 NOTE
r-patched-linux-x86_64 1.0 18.32 25.20 43.52 NOTE
r-release-linux-x86_64 1.0 17.94 25.37 43.31 NOTE
r-release-macos-arm64 1.0 29.00 NOTE
r-release-macos-x86_64 1.0 39.00 NOTE
r-release-windows-x86_64 1.0 25.00 70.00 95.00 NOTE
r-oldrel-macos-arm64 1.0 24.00 NOTE
r-oldrel-macos-x86_64 1.0 34.00 NOTE
r-oldrel-windows-x86_64 1.0 25.00 77.00 102.00 NOTE

Check Details

Version: 1.0
Check: CRAN incoming feasibility
Result: NOTE Maintainer: ‘Michelle Saul <msaul@carisls.com>’ No Authors@R field in DESCRIPTION. Please add one, modifying Authors@R: person(given = "Michelle", family = "Saul", role = c("aut", "cre"), email = "msaul@carisls.com") as necessary. Flavors: r-devel-linux-x86_64-debian-clang, r-devel-linux-x86_64-debian-gcc

Version: 1.0
Check: C++ specification
Result: NOTE Specified C++11: please drop specification unless essential Flavors: r-devel-linux-x86_64-debian-clang, r-devel-linux-x86_64-debian-gcc, r-devel-linux-x86_64-fedora-clang, r-devel-linux-x86_64-fedora-gcc, r-devel-windows-x86_64, r-patched-linux-x86_64, r-release-linux-x86_64, r-release-macos-arm64, r-release-macos-x86_64, r-release-windows-x86_64, r-oldrel-macos-arm64, r-oldrel-macos-x86_64, r-oldrel-windows-x86_64

Version: 1.0
Check: LazyData
Result: NOTE 'LazyData' is specified without a 'data' directory Flavors: r-oldrel-macos-arm64, r-oldrel-macos-x86_64, r-oldrel-windows-x86_64