Last updated on 2025-02-22 05:51:35 CET.
Flavor | Version | Tinstall | Tcheck | Ttotal | Status | Flags |
---|---|---|---|---|---|---|
r-devel-linux-x86_64-debian-clang | 1.1 | 7.53 | 57.37 | 64.90 | NOTE | |
r-devel-linux-x86_64-debian-gcc | 1.1 | 5.20 | 41.62 | 46.82 | NOTE | |
r-devel-linux-x86_64-fedora-clang | 1.1 | 101.36 | NOTE | |||
r-devel-linux-x86_64-fedora-gcc | 1.1 | 100.66 | NOTE | |||
r-devel-macos-arm64 | 1.1 | 33.00 | NOTE | |||
r-devel-macos-x86_64 | 1.1 | 59.00 | NOTE | |||
r-devel-windows-x86_64 | 1.1 | 8.00 | 70.00 | 78.00 | NOTE | |
r-patched-linux-x86_64 | 1.1 | 5.71 | 53.34 | 59.05 | NOTE | |
r-release-linux-x86_64 | 1.1 | 6.19 | 53.53 | 59.72 | NOTE | |
r-release-macos-arm64 | 1.1 | 32.00 | NOTE | |||
r-release-macos-x86_64 | 1.1 | 47.00 | NOTE | |||
r-release-windows-x86_64 | 1.1 | 7.00 | 68.00 | 75.00 | NOTE | |
r-oldrel-macos-arm64 | 1.1 | 37.00 | NOTE | |||
r-oldrel-macos-x86_64 | 1.1 | 56.00 | NOTE | |||
r-oldrel-windows-x86_64 | 1.1 | 9.00 | 85.00 | 94.00 | NOTE |
Version: 1.1
Check: Rd files
Result: NOTE
checkRd: (-1) KITdesign.Rd:36: Lost braces; missing escapes or markup?
36 | \item{trait}{One of {'c','d','s',NULL} indicating the type
| ^
checkRd: (-1) KITkernel.Rd:51: Lost braces; missing escapes or markup?
51 | \item{trait}{One of {'c','d','s',NULL} indicating the type
| ^
checkRd: (-1) geno.Rd:19: Lost braces; missing escapes or markup?
19 | Must be one of {'ibs', 'linear', 'quadratic'}.
| ^
checkRd: (-1) geno.Rd:31: Lost braces; missing escapes or markup?
31 | {'add', 'dom', 'rec'} indicating additive,
| ^
checkRd: (-1) nongeno.Rd:14: Lost braces; missing escapes or markup?
14 | Must be one of {'interactive', 'linear', 'quadratic'}.
| ^
Flavors: r-devel-linux-x86_64-debian-clang, r-devel-linux-x86_64-debian-gcc, r-devel-linux-x86_64-fedora-clang, r-devel-linux-x86_64-fedora-gcc, r-devel-macos-arm64, r-devel-macos-x86_64, r-devel-windows-x86_64, r-patched-linux-x86_64, r-release-linux-x86_64, r-release-macos-arm64, r-release-macos-x86_64, r-release-windows-x86_64
Version: 1.1
Check: package dependencies
Result: NOTE
Package suggested but not available for checking: ‘coxKM’
Flavors: r-patched-linux-x86_64, r-release-linux-x86_64, r-release-macos-arm64, r-release-macos-x86_64, r-release-windows-x86_64, r-oldrel-macos-arm64, r-oldrel-macos-x86_64, r-oldrel-windows-x86_64