Last updated on 2025-04-30 04:50:05 CEST.
Flavor | Version | Tinstall | Tcheck | Ttotal | Status | Flags |
---|---|---|---|---|---|---|
r-devel-linux-x86_64-debian-clang | 1.5 | 12.59 | 96.34 | 108.93 | NOTE | |
r-devel-linux-x86_64-debian-gcc | 1.5 | 8.91 | 66.77 | 75.68 | NOTE | |
r-devel-linux-x86_64-fedora-clang | 1.5 | 165.99 | OK | |||
r-devel-linux-x86_64-fedora-gcc | 1.5 | 159.19 | OK | |||
r-devel-windows-x86_64 | 1.5 | 14.00 | 107.00 | 121.00 | OK | |
r-patched-linux-x86_64 | 1.5 | 10.84 | 91.99 | 102.83 | OK | |
r-release-linux-x86_64 | 1.5 | 11.06 | 90.66 | 101.72 | OK | |
r-release-macos-arm64 | 1.5 | 53.00 | OK | |||
r-release-macos-x86_64 | 1.5 | 103.00 | OK | |||
r-release-windows-x86_64 | 1.5 | 13.00 | 105.00 | 118.00 | OK | |
r-oldrel-macos-arm64 | 1.5 | 42.00 | OK | |||
r-oldrel-macos-x86_64 | 1.5 | 77.00 | OK | |||
r-oldrel-windows-x86_64 | 1.5 | 16.00 | 136.00 | 152.00 | OK |
Version: 1.5
Check: CRAN incoming feasibility
Result: NOTE
Maintainer: ‘Samuel Soubeyrand <samuel.soubeyrand@inrae.fr>’
No Authors@R field in DESCRIPTION.
Please add one, modifying
Authors@R: c(person(given = "Samuel",
family = "Soubeyrand",
role = c("aut", "cre"),
email = "samuel.soubeyrand@inrae.fr"),
person(given = c("Cindy", "E."),
family = "Morris",
role = "aut"),
person(given = c("E.", "Keith"),
family = "Bigg",
role = "aut"))
as necessary.
Flavors: r-devel-linux-x86_64-debian-clang, r-devel-linux-x86_64-debian-gcc
Version: 1.5
Check: examples
Result: NOTE
Examples with CPU (user + system) or elapsed time > 5s
user system elapsed
feedback.test 6.468 0.114 8.131
Flavor: r-devel-linux-x86_64-debian-clang