Last updated on 2025-04-30 04:50:05 CEST.
Flavor | Version | Tinstall | Tcheck | Ttotal | Status | Flags |
---|---|---|---|---|---|---|
r-devel-linux-x86_64-debian-clang | 1.0.1 | 24.40 | 29.71 | 54.11 | OK | |
r-devel-linux-x86_64-debian-gcc | 1.0.1 | 19.52 | 22.45 | 41.97 | OK | |
r-devel-linux-x86_64-fedora-clang | 1.0.1 | 91.16 | OK | |||
r-devel-linux-x86_64-fedora-gcc | 1.0.1 | 89.47 | OK | |||
r-devel-windows-x86_64 | 1.0.1 | 31.00 | 75.00 | 106.00 | OK | |
r-patched-linux-x86_64 | 1.0.1 | 25.50 | 28.18 | 53.68 | OK | |
r-release-linux-x86_64 | 1.0.1 | 25.55 | 28.13 | 53.68 | OK | |
r-release-macos-arm64 | 1.0.1 | 32.00 | OK | |||
r-release-macos-x86_64 | 1.0.1 | 58.00 | OK | |||
r-release-windows-x86_64 | 1.0.1 | 29.00 | 74.00 | 103.00 | OK | |
r-oldrel-macos-arm64 | 1.0.1 | 32.00 | NOTE | |||
r-oldrel-macos-x86_64 | 1.0.1 | 52.00 | NOTE | |||
r-oldrel-windows-x86_64 | 1.0.1 | 28.00 | 79.00 | 107.00 | OK |
Version: 1.0.1
Check: installed package size
Result: NOTE
installed size is 5.2Mb
sub-directories of 1Mb or more:
data 2.6Mb
libs 2.5Mb
Flavors: r-oldrel-macos-arm64, r-oldrel-macos-x86_64