Last updated on 2025-04-30 04:50:05 CEST.
Flavor | Version | Tinstall | Tcheck | Ttotal | Status | Flags |
---|---|---|---|---|---|---|
r-devel-linux-x86_64-debian-clang | 1.4.2 | 27.09 | 298.30 | 325.39 | NOTE | |
r-devel-linux-x86_64-debian-gcc | 1.4.2 | 16.42 | 186.83 | 203.25 | OK | |
r-devel-linux-x86_64-fedora-clang | 1.4.2 | 506.86 | OK | |||
r-devel-linux-x86_64-fedora-gcc | 1.4.2 | 505.62 | OK | |||
r-devel-windows-x86_64 | 1.4.2 | 29.00 | 257.00 | 286.00 | OK | |
r-patched-linux-x86_64 | 1.4.2 | 26.51 | 279.94 | 306.45 | OK | |
r-release-linux-x86_64 | 1.4.2 | 25.73 | 278.91 | 304.64 | OK | |
r-release-macos-arm64 | 1.4.2 | 129.00 | OK | |||
r-release-macos-x86_64 | 1.4.2 | 275.00 | OK | |||
r-release-windows-x86_64 | 1.4.2 | 26.00 | 251.00 | 277.00 | OK | |
r-oldrel-macos-arm64 | 1.4.2 | 134.00 | NOTE | |||
r-oldrel-macos-x86_64 | 1.4.2 | 407.00 | NOTE | |||
r-oldrel-windows-x86_64 | 1.4.2 | 37.00 | 356.00 | 393.00 | OK |
Version: 1.4.2
Check: examples
Result: NOTE
Examples with CPU (user + system) or elapsed time > 5s
user system elapsed
row_column 4.912 0.032 7.389
Flavor: r-devel-linux-x86_64-debian-clang
Version: 1.4.2
Check: installed package size
Result: NOTE
installed size is 5.8Mb
sub-directories of 1Mb or more:
R 2.0Mb
doc 1.8Mb
help 1.1Mb
Flavors: r-oldrel-macos-arm64, r-oldrel-macos-x86_64