Last updated on 2025-04-30 04:50:05 CEST.
Flavor | Version | Tinstall | Tcheck | Ttotal | Status | Flags |
---|---|---|---|---|---|---|
r-devel-linux-x86_64-debian-clang | 0.6.3 | 6.13 | 58.74 | 64.87 | NOTE | |
r-devel-linux-x86_64-debian-gcc | 0.6.3 | 5.32 | 43.01 | 48.33 | NOTE | |
r-devel-linux-x86_64-fedora-clang | 0.6.3 | 93.35 | OK | |||
r-devel-linux-x86_64-fedora-gcc | 0.6.3 | 86.72 | OK | |||
r-devel-windows-x86_64 | 0.6.3 | 10.00 | 81.00 | 91.00 | OK | |
r-patched-linux-x86_64 | 0.6.3 | 6.87 | 53.93 | 60.80 | OK | |
r-release-linux-x86_64 | 0.6.3 | 6.56 | 53.72 | 60.28 | OK | |
r-release-macos-arm64 | 0.6.3 | 43.00 | OK | |||
r-release-macos-x86_64 | 0.6.3 | 61.00 | OK | |||
r-release-windows-x86_64 | 0.6.3 | 9.00 | 82.00 | 91.00 | OK | |
r-oldrel-macos-arm64 | 0.6.3 | 27.00 | OK | |||
r-oldrel-macos-x86_64 | 0.6.3 | 60.00 | OK | |||
r-oldrel-windows-x86_64 | 0.6.3 | 10.00 | 94.00 | 104.00 | OK |
Version: 0.6.3
Check: CRAN incoming feasibility
Result: NOTE
Maintainer: ‘Felix Yanhui Fan <nolanfyh@gmail.com>’
No Authors@R field in DESCRIPTION.
Please add one, modifying
Authors@R: person(given = c("Felix", "Yanhui"),
family = "Fan",
role = c("aut", "cre"),
email = "nolanfyh@gmail.com")
as necessary.
Flavors: r-devel-linux-x86_64-debian-clang, r-devel-linux-x86_64-debian-gcc