Last updated on 2025-04-30 04:50:05 CEST.
Flavor | Version | Tinstall | Tcheck | Ttotal | Status | Flags |
---|---|---|---|---|---|---|
r-devel-linux-x86_64-debian-clang | 1.1.4 | 133.28 | 77.04 | 210.32 | OK | |
r-devel-linux-x86_64-debian-gcc | 1.1.4 | 117.94 | 54.84 | 172.78 | OK | |
r-devel-linux-x86_64-fedora-clang | 1.1.4 | 398.40 | OK | |||
r-devel-linux-x86_64-fedora-gcc | 1.1.4 | 457.49 | OK | |||
r-devel-windows-x86_64 | 1.1.4 | 184.00 | 127.00 | 311.00 | OK | |
r-patched-linux-x86_64 | 1.1.4 | 157.76 | 76.37 | 234.13 | OK | |
r-release-linux-x86_64 | 1.1.4 | 158.25 | 75.36 | 233.61 | OK | |
r-release-macos-arm64 | 1.1.4 | 106.00 | OK | |||
r-release-macos-x86_64 | 1.1.4 | 135.00 | OK | |||
r-release-windows-x86_64 | 1.1.4 | 185.00 | 135.00 | 320.00 | OK | |
r-oldrel-macos-arm64 | 1.1.4 | 97.00 | NOTE | |||
r-oldrel-macos-x86_64 | 1.1.4 | 107.00 | NOTE | |||
r-oldrel-windows-x86_64 | 1.1.4 | 202.00 | 156.00 | 358.00 | NOTE |
Version: 1.1.4
Check: installed package size
Result: NOTE
installed size is 29.9Mb
sub-directories of 1Mb or more:
lib 10.6Mb
libs 18.9Mb
Flavors: r-oldrel-macos-arm64, r-oldrel-macos-x86_64, r-oldrel-windows-x86_64