Last updated on 2025-04-30 04:50:05 CEST.
Flavor | Version | Tinstall | Tcheck | Ttotal | Status | Flags |
---|---|---|---|---|---|---|
r-devel-linux-x86_64-debian-clang | 1.0.0 | 3.37 | 35.23 | 38.60 | NOTE | |
r-devel-linux-x86_64-debian-gcc | 1.0.0 | 2.14 | 26.79 | 28.93 | NOTE | |
r-devel-linux-x86_64-fedora-clang | 1.0.0 | 60.18 | OK | |||
r-devel-linux-x86_64-fedora-gcc | 1.0.0 | 57.90 | OK | |||
r-devel-windows-x86_64 | 1.0.0 | 5.00 | 67.00 | 72.00 | OK | |
r-patched-linux-x86_64 | 1.0.0 | 2.50 | 32.75 | 35.25 | OK | |
r-release-linux-x86_64 | 1.0.0 | 2.13 | 33.02 | 35.15 | OK | |
r-release-macos-arm64 | 1.0.0 | 24.00 | OK | |||
r-release-macos-x86_64 | 1.0.0 | 41.00 | OK | |||
r-release-windows-x86_64 | 1.0.0 | 5.00 | 65.00 | 70.00 | OK | |
r-oldrel-macos-arm64 | 1.0.0 | 21.00 | OK | |||
r-oldrel-macos-x86_64 | 1.0.0 | 30.00 | OK | |||
r-oldrel-windows-x86_64 | 1.0.0 | 6.00 | 68.00 | 74.00 | OK |
Version: 1.0.0
Check: CRAN incoming feasibility
Result: NOTE
Maintainer: ‘Marco Bee <marco.bee@unitn.it>’
Found the following \keyword or \concept entries
which likely give several index terms:
File ‘AMLEfit.Rd’:
\keyword{mixture;}
File ‘AMLEmode.Rd’:
\keyword{mixture;}
File ‘CENoisyFit.Rd’:
\keyword{mixture;}
File ‘CENoisyFitBoot.Rd’:
\keyword{Cross-Entropy;}
\keyword{mixture;}
File ‘MLEBoot.Rd’:
\keyword{MLE;}
\keyword{mixture;}
File ‘MLEfit.Rd’:
\keyword{mixture;}
File ‘cvm_stat_M.Rd’:
\keyword{mixture;}
File ‘rDynMix.Rd’:
\keyword{mixture;}
Flavors: r-devel-linux-x86_64-debian-clang, r-devel-linux-x86_64-debian-gcc