Last updated on 2025-04-30 04:50:05 CEST.
Flavor | Version | Tinstall | Tcheck | Ttotal | Status | Flags |
---|---|---|---|---|---|---|
r-devel-linux-x86_64-debian-clang | 3.1.0 | 10.03 | 83.75 | 93.78 | NOTE | |
r-devel-linux-x86_64-debian-gcc | 3.1.0 | 7.24 | 59.88 | 67.12 | NOTE | |
r-devel-linux-x86_64-fedora-clang | 3.1.0 | 136.02 | OK | |||
r-devel-linux-x86_64-fedora-gcc | 3.1.0 | 131.50 | OK | |||
r-devel-windows-x86_64 | 3.1.0 | 11.00 | 85.00 | 96.00 | OK | |
r-patched-linux-x86_64 | 3.1.0 | 8.27 | 79.17 | 87.44 | OK | |
r-release-linux-x86_64 | 3.1.0 | 8.11 | 77.89 | 86.00 | OK | |
r-release-macos-arm64 | 3.1.0 | 60.00 | OK | |||
r-release-macos-x86_64 | 3.1.0 | 94.00 | OK | |||
r-release-windows-x86_64 | 3.1.0 | 11.00 | 87.00 | 98.00 | OK | |
r-oldrel-macos-arm64 | 3.1.0 | 38.00 | NOTE | |||
r-oldrel-macos-x86_64 | 3.1.0 | 81.00 | NOTE | |||
r-oldrel-windows-x86_64 | 3.1.0 | 14.00 | 107.00 | 121.00 | NOTE |
Version: 3.1.0
Check: CRAN incoming feasibility
Result: NOTE
Maintainer: ‘José Carlos Del Valle <jcval94@gmail.com>’
No Authors@R field in DESCRIPTION.
Please add one, modifying
Authors@R: person(given = c("José", "Carlos", "Del"),
family = "Valle",
role = c("aut", "cre"),
email = "jcval94@gmail.com")
as necessary.
Flavors: r-devel-linux-x86_64-debian-clang, r-devel-linux-x86_64-debian-gcc
Version: 3.1.0
Check: examples
Result: NOTE
Examples with CPU (user + system) or elapsed time > 5s
user system elapsed
FDistUlt 6.806 0.067 7.752
Flavor: r-devel-linux-x86_64-debian-clang
Version: 3.1.0
Check: LazyData
Result: NOTE
'LazyData' is specified without a 'data' directory
Flavors: r-oldrel-macos-arm64, r-oldrel-macos-x86_64, r-oldrel-windows-x86_64