Last updated on 2025-04-30 04:50:05 CEST.
Flavor | Version | Tinstall | Tcheck | Ttotal | Status | Flags |
---|---|---|---|---|---|---|
r-devel-linux-x86_64-debian-clang | 1.0.1 | 2.67 | 81.95 | 84.62 | NOTE | |
r-devel-linux-x86_64-debian-gcc | 1.0.1 | 1.90 | 54.73 | 56.63 | NOTE | |
r-devel-linux-x86_64-fedora-clang | 1.0.1 | 129.32 | OK | |||
r-devel-linux-x86_64-fedora-gcc | 1.0.1 | 157.20 | OK | |||
r-devel-windows-x86_64 | 1.0.1 | 4.00 | 87.00 | 91.00 | OK | |
r-patched-linux-x86_64 | 1.0.1 | 2.90 | 77.47 | 80.37 | OK | |
r-release-linux-x86_64 | 1.0.1 | 2.06 | 77.23 | 79.29 | OK | |
r-release-macos-arm64 | 1.0.1 | 61.00 | OK | |||
r-release-macos-x86_64 | 1.0.1 | 126.00 | OK | |||
r-release-windows-x86_64 | 1.0.1 | 4.00 | 91.00 | 95.00 | OK | |
r-oldrel-macos-arm64 | 1.0.1 | 51.00 | OK | |||
r-oldrel-macos-x86_64 | 1.0.1 | 157.00 | OK | |||
r-oldrel-windows-x86_64 | 1.0.1 | 5.00 | 111.00 | 116.00 | OK |
Version: 1.0.1
Check: examples
Result: NOTE
Examples with CPU (user + system) or elapsed time > 5s
user system elapsed
flget_KPARMonthlyTS 9.179 0.19 10.699
Flavor: r-devel-linux-x86_64-debian-clang
Version: 1.0.1
Check: examples
Result: NOTE
Examples with CPU (user + system) or elapsed time > 5s
user system elapsed
flget_KPARMonthlyTS 5.071 0.157 5.926
Flavor: r-devel-linux-x86_64-debian-gcc