Last updated on 2025-04-30 04:50:05 CEST.
Flavor | Version | Tinstall | Tcheck | Ttotal | Status | Flags |
---|---|---|---|---|---|---|
r-devel-linux-x86_64-debian-clang | 1.0 | 3.79 | 70.90 | 74.69 | NOTE | |
r-devel-linux-x86_64-debian-gcc | 1.0 | 2.50 | 44.33 | 46.83 | OK | |
r-devel-linux-x86_64-fedora-clang | 1.0 | 126.42 | OK | |||
r-devel-linux-x86_64-fedora-gcc | 1.0 | 121.05 | OK | |||
r-devel-windows-x86_64 | 1.0 | 5.00 | 77.00 | 82.00 | OK | |
r-patched-linux-x86_64 | 1.0 | 4.06 | 67.09 | 71.15 | OK | |
r-release-linux-x86_64 | 1.0 | 3.69 | 66.23 | 69.92 | OK | |
r-release-macos-arm64 | 1.0 | 32.00 | OK | |||
r-release-macos-x86_64 | 1.0 | 70.00 | OK | |||
r-release-windows-x86_64 | 1.0 | 4.00 | 79.00 | 83.00 | OK | |
r-oldrel-macos-arm64 | 1.0 | 30.00 | OK | |||
r-oldrel-macos-x86_64 | 1.0 | 47.00 | OK | |||
r-oldrel-windows-x86_64 | 1.0 | 4.00 | 97.00 | 101.00 | OK |
Version: 1.0
Check: examples
Result: NOTE
Examples with CPU (user + system) or elapsed time > 5s
user system elapsed
summary.FDfitted 4.198 0.004 6.165
FD.estimation 4.161 0.005 5.958
FD.stddev 4.156 0.000 7.680
plot.FDfitted 3.930 0.004 6.218
FD.rightplot 3.832 0.004 5.685
FD.marginalplot 3.765 0.003 5.049
FD.ternaryplot 3.758 0.000 5.909
FD.clusterdistances 3.702 0.003 5.294
Flavor: r-devel-linux-x86_64-debian-clang