CRAN Package Check Results for Package FlexGAM

Last updated on 2025-04-30 04:50:05 CEST.

Flavor Version Tinstall Tcheck Ttotal Status Flags
r-devel-linux-x86_64-debian-clang 0.7.2 7.82 63.69 71.51 OK
r-devel-linux-x86_64-debian-gcc 0.7.2 6.52 46.39 52.91 OK
r-devel-linux-x86_64-fedora-clang 0.7.2 112.43 OK
r-devel-linux-x86_64-fedora-gcc 0.7.2 109.19 OK
r-devel-windows-x86_64 0.7.2 9.00 79.00 88.00 OK
r-patched-linux-x86_64 0.7.2 8.61 61.44 70.05 OK
r-release-linux-x86_64 0.7.2 6.49 60.70 67.19 OK
r-release-macos-arm64 0.7.2 39.00 OK
r-release-macos-x86_64 0.7.2 66.00 OK
r-release-windows-x86_64 0.7.2 10.00 76.00 86.00 OK
r-oldrel-macos-arm64 0.7.2 35.00 NOTE
r-oldrel-macos-x86_64 0.7.2 50.00 NOTE
r-oldrel-windows-x86_64 0.7.2 11.00 91.00 102.00 NOTE

Check Details

Version: 0.7.2
Check: LazyData
Result: NOTE 'LazyData' is specified without a 'data' directory Flavors: r-oldrel-macos-arm64, r-oldrel-macos-x86_64, r-oldrel-windows-x86_64