Last updated on 2025-04-30 04:50:05 CEST.
Flavor | Version | Tinstall | Tcheck | Ttotal | Status | Flags |
---|---|---|---|---|---|---|
r-devel-linux-x86_64-debian-clang | 1.3.1 | 3002.28 | 256.56 | 3258.84 | OK | |
r-devel-linux-x86_64-debian-gcc | 1.3.1 | 2277.59 | 380.47 | 2658.06 | OK | |
r-devel-windows-x86_64 | 1.3.1 | 2488.00 | 533.00 | 3021.00 | OK | |
r-patched-linux-x86_64 | 1.3.1 | 3487.26 | 528.05 | 4015.31 | OK | |
r-release-linux-x86_64 | 1.3.1 | 3479.46 | 547.28 | 4026.74 | OK | |
r-release-macos-arm64 | 1.3.1 | 768.00 | OK | |||
r-release-macos-x86_64 | 1.3.1 | 846.00 | OK | |||
r-release-windows-x86_64 | 1.3.1 | 3096.00 | 520.00 | 3616.00 | OK | |
r-oldrel-macos-arm64 | 1.3.1 | 861.00 | NOTE | |||
r-oldrel-macos-x86_64 | 1.3.1 | 874.00 | NOTE | |||
r-oldrel-windows-x86_64 | 1.3.1 | 3447.00 | 640.00 | 4087.00 | NOTE |
Version: 1.3.1
Check: installed package size
Result: NOTE
installed size is 315.7Mb
sub-directories of 1Mb or more:
libs 314.5Mb
Flavors: r-oldrel-macos-arm64, r-oldrel-macos-x86_64, r-oldrel-windows-x86_64
Version: 1.3.1
Check: for GNU extensions in Makefiles
Result: NOTE
GNU make is a SystemRequirements.
Flavors: r-oldrel-macos-arm64, r-oldrel-macos-x86_64, r-oldrel-windows-x86_64