CRAN Package Check Results for Package FluMoDL

Last updated on 2025-04-30 04:50:06 CEST.

Flavor Version Tinstall Tcheck Ttotal Status Flags
r-devel-linux-x86_64-debian-clang 0.0.3 7.71 62.56 70.27 NOTE
r-devel-linux-x86_64-debian-gcc 0.0.3 6.23 46.96 53.19 NOTE
r-devel-linux-x86_64-fedora-clang 0.0.3 116.19 OK
r-devel-linux-x86_64-fedora-gcc 0.0.3 105.10 OK
r-devel-windows-x86_64 0.0.3 9.00 75.00 84.00 NOTE
r-patched-linux-x86_64 0.0.3 7.85 59.89 67.74 NOTE
r-release-linux-x86_64 0.0.3 7.07 60.06 67.13 NOTE
r-release-macos-arm64 0.0.3 36.00 OK
r-release-macos-x86_64 0.0.3 60.00 OK
r-release-windows-x86_64 0.0.3 9.00 78.00 87.00 NOTE
r-oldrel-macos-arm64 0.0.3 34.00 OK
r-oldrel-macos-x86_64 0.0.3 48.00 OK
r-oldrel-windows-x86_64 0.0.3 10.00 92.00 102.00 OK

Check Details

Version: 0.0.3
Check: Rd cross-references
Result: NOTE Found the following Rd file(s) with Rd \link{} targets missing package anchors: addPredictions.Rd: crosspred metaFluMoDL.Rd: mvmeta Please provide package anchors for all Rd \link{} targets not in the package itself and the base packages. Flavors: r-devel-linux-x86_64-debian-clang, r-devel-linux-x86_64-debian-gcc, r-devel-windows-x86_64, r-patched-linux-x86_64, r-release-linux-x86_64, r-release-windows-x86_64