Last updated on 2025-04-30 04:50:06 CEST.
Flavor | Version | Tinstall | Tcheck | Ttotal | Status | Flags |
---|---|---|---|---|---|---|
r-devel-linux-x86_64-debian-clang | 0.2 | 3.34 | 31.81 | 35.15 | NOTE | |
r-devel-linux-x86_64-debian-gcc | 0.2 | 2.54 | 23.45 | 25.99 | OK | |
r-devel-linux-x86_64-fedora-clang | 0.2 | 54.44 | OK | |||
r-devel-linux-x86_64-fedora-gcc | 0.2 | 65.61 | OK | |||
r-devel-windows-x86_64 | 0.2 | 4.00 | 49.00 | 53.00 | OK | |
r-patched-linux-x86_64 | 0.2 | 3.55 | 29.84 | 33.39 | OK | |
r-release-linux-x86_64 | 0.2 | 3.39 | 29.84 | 33.23 | OK | |
r-release-macos-arm64 | 0.2 | 41.00 | OK | |||
r-release-macos-x86_64 | 0.2 | 57.00 | OK | |||
r-release-windows-x86_64 | 0.2 | 4.00 | 54.00 | 58.00 | OK | |
r-oldrel-macos-arm64 | 0.2 | 24.00 | OK | |||
r-oldrel-macos-x86_64 | 0.2 | 58.00 | OK | |||
r-oldrel-windows-x86_64 | 0.2 | 5.00 | 58.00 | 63.00 | OK |
Version: 0.2
Check: examples
Result: NOTE
Examples with CPU (user + system) or elapsed time > 5s
user system elapsed
fluidigm2PLINK 4.081 0.098 5.523
Flavor: r-devel-linux-x86_64-debian-clang