Last updated on 2025-04-30 04:50:06 CEST.
Flavor | Version | Tinstall | Tcheck | Ttotal | Status | Flags |
---|---|---|---|---|---|---|
r-devel-linux-x86_64-debian-clang | 0.2.2 | 21.99 | 56.05 | 78.04 | NOTE | |
r-devel-linux-x86_64-debian-gcc | 0.2.2 | 14.69 | 39.43 | 54.12 | OK | |
r-devel-linux-x86_64-fedora-clang | 0.2.2 | 134.97 | NOTE | |||
r-devel-linux-x86_64-fedora-gcc | 0.2.2 | 137.33 | NOTE | |||
r-devel-windows-x86_64 | 0.2.2 | 27.00 | 86.00 | 113.00 | OK | |
r-patched-linux-x86_64 | 0.2.2 | 19.20 | 51.90 | 71.10 | OK | |
r-release-linux-x86_64 | 0.2.2 | 20.34 | 51.53 | 71.87 | OK | |
r-release-macos-arm64 | 0.2.2 | 50.00 | OK | |||
r-release-macos-x86_64 | 0.2.2 | 77.00 | OK | |||
r-release-windows-x86_64 | 0.2.2 | 30.00 | 90.00 | 120.00 | OK | |
r-oldrel-macos-arm64 | 0.2.2 | 40.00 | OK | |||
r-oldrel-macos-x86_64 | 0.2.2 | 68.00 | OK | |||
r-oldrel-windows-x86_64 | 0.2.2 | 32.00 | 106.00 | 138.00 | OK |
Version: 0.2.2
Check: examples
Result: NOTE
Examples with CPU (user + system) or elapsed time > 5s
user system elapsed
migrate 4.854 0.002 6.504
Flavor: r-devel-linux-x86_64-debian-clang
Version: 0.2.2
Check: dependencies in R code
Result: NOTE
Namespaces in Imports field not imported from:
‘kableExtra’ ‘knitr’ ‘rmarkdown’
All declared Imports should be used.
Flavors: r-devel-linux-x86_64-fedora-clang, r-devel-linux-x86_64-fedora-gcc