CRAN Package Check Results for Package ForecastCombinations

Last updated on 2025-04-30 04:50:06 CEST.

Flavor Version Tinstall Tcheck Ttotal Status Flags
r-devel-linux-x86_64-debian-clang 1.1 6.10 58.43 64.53 NOTE
r-devel-linux-x86_64-debian-gcc 1.1 5.04 44.56 49.60 NOTE
r-devel-linux-x86_64-fedora-clang 1.1 101.16 OK
r-devel-linux-x86_64-fedora-gcc 1.1 97.54 OK
r-devel-windows-x86_64 1.1 8.00 67.00 75.00 OK
r-patched-linux-x86_64 1.1 6.75 56.20 62.95 OK
r-release-linux-x86_64 1.1 6.16 56.38 62.54 OK
r-release-macos-arm64 1.1 37.00 OK
r-release-macos-x86_64 1.1 65.00 OK
r-release-windows-x86_64 1.1 8.00 69.00 77.00 OK
r-oldrel-macos-arm64 1.1 29.00 OK
r-oldrel-macos-x86_64 1.1 46.00 OK
r-oldrel-windows-x86_64 1.1 9.00 82.00 91.00 OK

Check Details

Version: 1.1
Check: CRAN incoming feasibility
Result: NOTE Maintainer: ‘Eran Raviv <eeraviv@gmail.com>’ No Authors@R field in DESCRIPTION. Please add one, modifying Authors@R: person(given = "Eran", family = "Raviv", role = c("aut", "cre"), email = "eeraviv@gmail.com") as necessary. Flavors: r-devel-linux-x86_64-debian-clang, r-devel-linux-x86_64-debian-gcc