CRAN Package Check Results for Package ForecastTB

Last updated on 2025-04-30 04:50:06 CEST.

Flavor Version Tinstall Tcheck Ttotal Status Flags
r-devel-linux-x86_64-debian-clang 1.0.1 9.47 72.25 81.72 OK
r-devel-linux-x86_64-debian-gcc 1.0.1 6.17 53.52 59.69 OK
r-devel-linux-x86_64-fedora-clang 1.0.1 116.98 NOTE
r-devel-linux-x86_64-fedora-gcc 1.0.1 154.22 NOTE
r-devel-windows-x86_64 1.0.1 9.00 80.00 89.00 OK
r-patched-linux-x86_64 1.0.1 9.34 69.36 78.70 OK
r-release-linux-x86_64 1.0.1 9.02 69.38 78.40 OK
r-release-macos-arm64 1.0.1 51.00 OK
r-release-macos-x86_64 1.0.1 123.00 OK
r-release-windows-x86_64 1.0.1 10.00 82.00 92.00 OK
r-oldrel-macos-arm64 1.0.1 50.00 NOTE
r-oldrel-macos-x86_64 1.0.1 104.00 NOTE
r-oldrel-windows-x86_64 1.0.1 13.00 108.00 121.00 NOTE

Check Details

Version: 1.0.1
Check: dependencies in R code
Result: NOTE Namespace in Imports field not imported from: ‘decomposedPSF’ All declared Imports should be used. Flavors: r-devel-linux-x86_64-fedora-clang, r-devel-linux-x86_64-fedora-gcc

Version: 1.0.1
Check: LazyData
Result: NOTE 'LazyData' is specified without a 'data' directory Flavors: r-oldrel-macos-arm64, r-oldrel-macos-x86_64, r-oldrel-windows-x86_64