Last updated on 2025-04-30 04:50:06 CEST.
Flavor | Version | Tinstall | Tcheck | Ttotal | Status | Flags |
---|---|---|---|---|---|---|
r-devel-linux-x86_64-debian-clang | 0.1.7 | 5.28 | 92.37 | 97.65 | NOTE | |
r-devel-linux-x86_64-debian-gcc | 0.1.7 | 4.16 | 61.30 | 65.46 | NOTE | |
r-devel-linux-x86_64-fedora-clang | 0.1.7 | 139.54 | OK | |||
r-devel-linux-x86_64-fedora-gcc | 0.1.7 | 132.58 | OK | |||
r-devel-windows-x86_64 | 0.1.7 | 7.00 | 94.00 | 101.00 | OK | |
r-patched-linux-x86_64 | 0.1.7 | 5.62 | 85.45 | 91.07 | OK | |
r-release-linux-x86_64 | 0.1.7 | 4.86 | 84.74 | 89.60 | OK | |
r-release-macos-arm64 | 0.1.7 | 55.00 | OK | |||
r-release-macos-x86_64 | 0.1.7 | 82.00 | OK | |||
r-release-windows-x86_64 | 0.1.7 | 9.00 | 98.00 | 107.00 | OK | |
r-oldrel-macos-arm64 | 0.1.7 | 42.00 | OK | |||
r-oldrel-macos-x86_64 | 0.1.7 | 60.00 | OK | |||
r-oldrel-windows-x86_64 | 0.1.7 | 9.00 | 121.00 | 130.00 | OK |
Version: 0.1.7
Check: examples
Result: NOTE
Examples with CPU (user + system) or elapsed time > 5s
user system elapsed
ALS_CHM_CAU_2012 9.048 0.333 11.187
Flavor: r-devel-linux-x86_64-debian-clang
Version: 0.1.7
Check: examples
Result: NOTE
Examples with CPU (user + system) or elapsed time > 5s
user system elapsed
ALS_CHM_CAU_2012 5.547 0.318 8.05
Flavor: r-devel-linux-x86_64-debian-gcc