CRAN Package Check Results for Package FracKrigingR

Last updated on 2025-04-30 04:50:06 CEST.

Flavor Version Tinstall Tcheck Ttotal Status Flags
r-devel-linux-x86_64-debian-clang 1.0.0 1.92 25.91 27.83 NOTE
r-devel-linux-x86_64-debian-gcc 1.0.0 1.17 19.82 20.99 OK
r-devel-linux-x86_64-fedora-clang 1.0.0 46.69 NOTE
r-devel-linux-x86_64-fedora-gcc 1.0.0 44.99 NOTE
r-devel-windows-x86_64 1.0.0 3.00 46.00 49.00 OK
r-patched-linux-x86_64 1.0.0 1.52 25.33 26.85 OK
r-release-linux-x86_64 1.0.0 1.81 25.94 27.75 OK
r-release-macos-arm64 1.0.0 20.00 OK
r-release-macos-x86_64 1.0.0 35.00 OK
r-release-windows-x86_64 1.0.0 3.00 49.00 52.00 OK
r-oldrel-macos-arm64 1.0.0 17.00 OK
r-oldrel-macos-x86_64 1.0.0 25.00 OK
r-oldrel-windows-x86_64 1.0.0 3.00 56.00 59.00 OK

Check Details

Version: 1.0.0
Check: examples
Result: NOTE Examples with CPU (user + system) or elapsed time > 5s user system elapsed FracKrig 5.631 0.018 7.036 Flavor: r-devel-linux-x86_64-debian-clang

Version: 1.0.0
Check: dependencies in R code
Result: NOTE Namespace in Imports field not imported from: ‘psych’ All declared Imports should be used. Flavors: r-devel-linux-x86_64-fedora-clang, r-devel-linux-x86_64-fedora-gcc