CRAN Package Check Results for Package FuzzyAHP

Last updated on 2025-04-30 04:50:06 CEST.

Flavor Version Tinstall Tcheck Ttotal Status Flags
r-devel-linux-x86_64-debian-clang 0.9.5 5.13 31.91 37.04 OK
r-devel-linux-x86_64-debian-gcc 0.9.5 4.22 24.97 29.19 OK
r-devel-linux-x86_64-fedora-clang 0.9.5 60.40 OK
r-devel-linux-x86_64-fedora-gcc 0.9.5 79.68 OK
r-devel-windows-x86_64 0.9.5 7.00 59.00 66.00 OK
r-patched-linux-x86_64 0.9.5 6.29 30.93 37.22 OK
r-release-linux-x86_64 0.9.5 6.40 30.40 36.80 OK
r-release-macos-arm64 0.9.5 32.00 OK
r-release-macos-x86_64 0.9.5 57.00 OK
r-release-windows-x86_64 0.9.5 8.00 61.00 69.00 OK
r-oldrel-macos-arm64 0.9.5 29.00 NOTE
r-oldrel-macos-x86_64 0.9.5 45.00 NOTE
r-oldrel-windows-x86_64 0.9.5 7.00 64.00 71.00 NOTE

Check Details

Version: 0.9.5
Check: LazyData
Result: NOTE 'LazyData' is specified without a 'data' directory Flavors: r-oldrel-macos-arm64, r-oldrel-macos-x86_64, r-oldrel-windows-x86_64