CRAN Package Check Results for Package FuzzyM

Last updated on 2025-04-30 04:50:06 CEST.

Flavor Version Tinstall Tcheck Ttotal Status Flags
r-devel-linux-x86_64-debian-clang 0.1.0 3.23 24.54 27.77 NOTE
r-devel-linux-x86_64-debian-gcc 0.1.0 2.23 18.90 21.13 NOTE
r-devel-linux-x86_64-fedora-clang 0.1.0 40.65 OK
r-devel-linux-x86_64-fedora-gcc 0.1.0 39.80 OK
r-devel-windows-x86_64 0.1.0 4.00 42.00 46.00 OK
r-patched-linux-x86_64 0.1.0 3.14 22.14 25.28 OK
r-release-linux-x86_64 0.1.0 3.37 22.21 25.58 OK
r-release-macos-arm64 0.1.0 19.00 OK
r-release-macos-x86_64 0.1.0 28.00 OK
r-release-windows-x86_64 0.1.0 4.00 43.00 47.00 OK
r-oldrel-macos-arm64 0.1.0 16.00 OK
r-oldrel-macos-x86_64 0.1.0 24.00 OK
r-oldrel-windows-x86_64 0.1.0 3.00 46.00 49.00 OK

Check Details

Version: 0.1.0
Check: CRAN incoming feasibility
Result: NOTE Maintainer: ‘Alina Petukhova <petukhova.alina@gmail.com>’ No Authors@R field in DESCRIPTION. Please add one, modifying Authors@R: person(given = "Alina", family = "Petukhova", role = c("aut", "cre"), email = "petukhova.alina@gmail.com") as necessary. Flavors: r-devel-linux-x86_64-debian-clang, r-devel-linux-x86_64-debian-gcc