CRAN Package Check Results for Package G2Sd

Last updated on 2025-04-30 04:50:06 CEST.

Flavor Version Tinstall Tcheck Ttotal Status Flags
r-devel-linux-x86_64-debian-clang 2.1.5 11.72 92.42 104.14 NOTE
r-devel-linux-x86_64-debian-gcc 2.1.5 9.13 72.24 81.37 NOTE
r-devel-linux-x86_64-fedora-clang 2.1.5 161.71 OK
r-devel-linux-x86_64-fedora-gcc 2.1.5 158.37 OK
r-devel-windows-x86_64 2.1.5 12.00 89.00 101.00 OK
r-patched-linux-x86_64 2.1.5 11.46 89.82 101.28 OK
r-release-linux-x86_64 2.1.5 11.82 90.25 102.07 OK
r-release-macos-arm64 2.1.5 65.00 OK
r-release-macos-x86_64 2.1.5 77.00 OK
r-release-windows-x86_64 2.1.5 14.00 90.00 104.00 OK
r-oldrel-macos-arm64 2.1.5 42.00 OK
r-oldrel-macos-x86_64 2.1.5 64.00 OK
r-oldrel-windows-x86_64 2.1.5 13.00 115.00 128.00 OK

Check Details

Version: 2.1.5
Check: CRAN incoming feasibility
Result: NOTE Maintainer: ‘Regis K. Gallon <reg.gallon@gmail.com>’ No Authors@R field in DESCRIPTION. Please add one, modifying Authors@R: c(person(given = c("Regis", "K."), family = "Gallon", role = c("aut", "cre"), email = "reg.gallon@gmail.com", comment = "MNHN"), person(given = "Jerome", family = "Fournier", role = "aut", comment = c(ROR = "CNRS|MNHN"))) as necessary. Package CITATION file contains call(s) to old-style personList() or as.personList(). Please use c() on person objects instead. Package CITATION file contains call(s) to old-style citEntry(). Please use bibentry() instead. Flavors: r-devel-linux-x86_64-debian-clang, r-devel-linux-x86_64-debian-gcc