Last updated on 2025-02-21 03:52:13 CET.
Flavor | Version | Tinstall | Tcheck | Ttotal | Status | Flags |
---|---|---|---|---|---|---|
r-devel-linux-x86_64-debian-clang | 3.2.4 | 39.33 | 76.63 | 115.96 | OK | |
r-devel-linux-x86_64-debian-gcc | 3.2.4 | 26.65 | 51.95 | 78.60 | OK | |
r-devel-linux-x86_64-fedora-clang | 3.2.4 | 191.21 | OK | |||
r-devel-linux-x86_64-fedora-gcc | 3.2.4 | 206.65 | OK | |||
r-devel-macos-arm64 | 3.2.4 | 64.00 | OK | |||
r-devel-macos-x86_64 | 3.2.4 | 112.00 | OK | |||
r-devel-windows-x86_64 | 3.2.4 | 40.00 | 109.00 | 149.00 | OK | |
r-patched-linux-x86_64 | 3.2.4 | 39.41 | 72.65 | 112.06 | OK | |
r-release-linux-x86_64 | 3.2.4 | 36.55 | 73.45 | 110.00 | OK | |
r-release-macos-arm64 | 3.2.4 | 61.00 | NOTE | |||
r-release-macos-x86_64 | 3.2.4 | 93.00 | NOTE | |||
r-release-windows-x86_64 | 3.2.4 | 41.00 | 111.00 | 152.00 | NOTE | |
r-oldrel-macos-arm64 | 3.2.4 | 63.00 | NOTE | |||
r-oldrel-macos-x86_64 | 3.2.4 | 171.00 | NOTE | |||
r-oldrel-windows-x86_64 | 3.2.4 | 47.00 | 137.00 | 184.00 | NOTE |
Version: 3.2.4
Check: installed package size
Result: NOTE
installed size is 36.2Mb
sub-directories of 1Mb or more:
doc 31.8Mb
libs 3.8Mb
Flavors: r-release-macos-arm64, r-release-macos-x86_64, r-release-windows-x86_64, r-oldrel-macos-arm64, r-oldrel-macos-x86_64, r-oldrel-windows-x86_64