Last updated on 2025-11-02 03:51:38 CET.
| Flavor | Version | Tinstall | Tcheck | Ttotal | Status | Flags |
|---|---|---|---|---|---|---|
| r-devel-linux-x86_64-debian-clang | 3.2.4 | 38.17 | 79.28 | 117.45 | OK | |
| r-devel-linux-x86_64-debian-gcc | 3.2.4 | 26.55 | 55.71 | 82.26 | OK | |
| r-devel-linux-x86_64-fedora-clang | 3.2.4 | 57.00 | 126.85 | 183.85 | OK | |
| r-devel-linux-x86_64-fedora-gcc | 3.2.4 | 72.00 | 124.16 | 196.16 | OK | |
| r-devel-windows-x86_64 | 3.2.4 | 44.00 | 111.00 | 155.00 | OK | |
| r-patched-linux-x86_64 | 3.2.4 | 38.55 | 73.06 | 111.61 | OK | |
| r-release-linux-x86_64 | 3.2.4 | 38.32 | 72.81 | 111.13 | OK | |
| r-release-macos-arm64 | 3.2.4 | 16.00 | 56.00 | 72.00 | OK | |
| r-release-macos-x86_64 | 3.2.4 | 24.00 | 85.00 | 109.00 | OK | |
| r-release-windows-x86_64 | 3.2.4 | 48.00 | 117.00 | 165.00 | OK | |
| r-oldrel-macos-arm64 | 3.2.4 | 15.00 | 46.00 | 61.00 | NOTE | |
| r-oldrel-macos-x86_64 | 3.2.4 | 20.00 | 73.00 | 93.00 | NOTE | |
| r-oldrel-windows-x86_64 | 3.2.4 | 53.00 | 139.00 | 192.00 | NOTE |
Version: 3.2.4
Check: installed package size
Result: NOTE
installed size is 36.2Mb
sub-directories of 1Mb or more:
doc 31.8Mb
libs 3.8Mb
Flavors: r-oldrel-macos-arm64, r-oldrel-macos-x86_64, r-oldrel-windows-x86_64