Last updated on 2025-04-30 04:50:06 CEST.
Flavor | Version | Tinstall | Tcheck | Ttotal | Status | Flags |
---|---|---|---|---|---|---|
r-devel-linux-x86_64-debian-clang | 0.6.2 | 144.50 | 35.03 | 179.53 | NOTE | |
r-devel-linux-x86_64-debian-gcc | 0.6.2 | 112.78 | 39.00 | 151.78 | NOTE | |
r-devel-linux-x86_64-fedora-clang | 0.6.2 | 283.84 | OK | |||
r-devel-linux-x86_64-fedora-gcc | 0.6.2 | 358.97 | OK | |||
r-devel-windows-x86_64 | 0.6.2 | 139.00 | 98.00 | 237.00 | OK | |
r-patched-linux-x86_64 | 0.6.2 | 153.56 | 51.56 | 205.12 | OK | |
r-release-linux-x86_64 | 0.6.2 | 151.49 | 51.07 | 202.56 | OK | |
r-release-macos-arm64 | 0.6.2 | 80.00 | OK | |||
r-release-macos-x86_64 | 0.6.2 | 89.00 | OK | |||
r-release-windows-x86_64 | 0.6.2 | 140.00 | 95.00 | 235.00 | OK | |
r-oldrel-macos-arm64 | 0.6.2 | 84.00 | NOTE | |||
r-oldrel-macos-x86_64 | 0.6.2 | 76.00 | NOTE | |||
r-oldrel-windows-x86_64 | 0.6.2 | 153.00 | 105.00 | 258.00 | OK |
Version: 0.6.2
Check: CRAN incoming feasibility
Result: NOTE
Maintainer: ‘Bin Wang <eatingbeen@hotmail.com>’
The Description field contains
and Jianhua Guo (2022) <arXiv:1911.00658>. This paper provides the
Please refer to arXiv e-prints via their arXiv DOI <doi:10.48550/arXiv.YYMM.NNNNN>.
Flavors: r-devel-linux-x86_64-debian-clang, r-devel-linux-x86_64-debian-gcc
Version: 0.6.2
Check: installed package size
Result: NOTE
installed size is 55.0Mb
sub-directories of 1Mb or more:
libs 54.8Mb
Flavors: r-oldrel-macos-arm64, r-oldrel-macos-x86_64