Last updated on 2025-04-30 04:50:06 CEST.
Flavor | Version | Tinstall | Tcheck | Ttotal | Status | Flags |
---|---|---|---|---|---|---|
r-devel-linux-x86_64-debian-clang | 1.0 | 3.69 | 27.48 | 31.17 | NOTE | |
r-devel-linux-x86_64-debian-gcc | 1.0 | 2.49 | 21.66 | 24.15 | OK | |
r-devel-linux-x86_64-fedora-clang | 1.0 | 48.37 | OK | |||
r-devel-linux-x86_64-fedora-gcc | 1.0 | 46.71 | OK | |||
r-devel-windows-x86_64 | 1.0 | 5.00 | 54.00 | 59.00 | OK | |
r-patched-linux-x86_64 | 1.0 | 3.76 | 26.46 | 30.22 | OK | |
r-release-linux-x86_64 | 1.0 | 3.35 | 26.73 | 30.08 | OK | |
r-release-macos-arm64 | 1.0 | 25.00 | OK | |||
r-release-macos-x86_64 | 1.0 | 47.00 | OK | |||
r-release-windows-x86_64 | 1.0 | 5.00 | 51.00 | 56.00 | OK | |
r-oldrel-macos-arm64 | 1.0 | 23.00 | OK | |||
r-oldrel-macos-x86_64 | 1.0 | 43.00 | OK | |||
r-oldrel-windows-x86_64 | 1.0 | 5.00 | 60.00 | 65.00 | OK |
Version: 1.0
Check: examples
Result: NOTE
Examples with CPU (user + system) or elapsed time > 5s
user system elapsed
gagblup 0.362 0.032 5.162
Flavor: r-devel-linux-x86_64-debian-clang