Last updated on 2025-04-30 04:50:06 CEST.
Flavor | Version | Tinstall | Tcheck | Ttotal | Status | Flags |
---|---|---|---|---|---|---|
r-devel-linux-x86_64-debian-clang | 1.2.1 | 2.32 | 32.09 | 34.41 | NOTE | |
r-devel-linux-x86_64-debian-gcc | 1.2.1 | 1.73 | 24.97 | 26.70 | NOTE | |
r-devel-linux-x86_64-fedora-clang | 1.2.1 | 54.50 | OK | |||
r-devel-linux-x86_64-fedora-gcc | 1.2.1 | 53.01 | OK | |||
r-devel-windows-x86_64 | 1.2.1 | 3.00 | 61.00 | 64.00 | OK | |
r-patched-linux-x86_64 | 1.2.1 | 2.53 | 31.07 | 33.60 | OK | |
r-release-linux-x86_64 | 1.2.1 | 2.23 | 30.85 | 33.08 | OK | |
r-release-macos-arm64 | 1.2.1 | 24.00 | OK | |||
r-release-macos-x86_64 | 1.2.1 | 37.00 | OK | |||
r-release-windows-x86_64 | 1.2.1 | 3.00 | 58.00 | 61.00 | OK | |
r-oldrel-macos-arm64 | 1.2.1 | 20.00 | OK | |||
r-oldrel-macos-x86_64 | 1.2.1 | 30.00 | OK | |||
r-oldrel-windows-x86_64 | 1.2.1 | 4.00 | 61.00 | 65.00 | OK |
Version: 1.2.1
Check: CRAN incoming feasibility
Result: NOTE
Maintainer: ‘Koen W. De Bock <kdebock@audencia.com>’
No Authors@R field in DESCRIPTION.
Please add one, modifying
Authors@R: c(person(given = c("Koen", "W."),
family = "De Bock",
role = c("aut", "cre"),
email = "kdebock@audencia.com"),
person(given = "Kristof",
family = "Coussement",
role = "aut"),
person(given = "Dirk",
family = "Van den Poel",
role = "aut"))
as necessary.
Flavors: r-devel-linux-x86_64-debian-clang, r-devel-linux-x86_64-debian-gcc
Version: 1.2.1
Check: examples
Result: NOTE
Examples with CPU (user + system) or elapsed time > 5s
user system elapsed
GAMens 4.551 0.033 5.579
Flavor: r-devel-linux-x86_64-debian-clang