Last updated on 2025-04-30 04:50:06 CEST.
Flavor | Version | Tinstall | Tcheck | Ttotal | Status | Flags |
---|---|---|---|---|---|---|
r-devel-linux-x86_64-debian-clang | 0.1.0 | 1.98 | 57.48 | 59.46 | NOTE | |
r-devel-linux-x86_64-debian-gcc | 0.1.0 | 1.62 | 39.26 | 40.88 | NOTE | |
r-devel-linux-x86_64-fedora-clang | 0.1.0 | 91.35 | OK | |||
r-devel-linux-x86_64-fedora-gcc | 0.1.0 | 103.25 | OK | |||
r-devel-windows-x86_64 | 0.1.0 | 3.00 | 68.00 | 71.00 | OK | |
r-patched-linux-x86_64 | 0.1.0 | 2.29 | 52.41 | 54.70 | OK | |
r-release-linux-x86_64 | 0.1.0 | 1.99 | 52.71 | 54.70 | OK | |
r-release-macos-arm64 | 0.1.0 | 38.00 | OK | |||
r-release-macos-x86_64 | 0.1.0 | 77.00 | OK | |||
r-release-windows-x86_64 | 0.1.0 | 3.00 | 71.00 | 74.00 | OK | |
r-oldrel-macos-arm64 | 0.1.0 | 33.00 | OK | |||
r-oldrel-macos-x86_64 | 0.1.0 | 60.00 | OK | |||
r-oldrel-windows-x86_64 | 0.1.0 | 4.00 | 81.00 | 85.00 | OK |
Version: 0.1.0
Check: CRAN incoming feasibility
Result: NOTE
Maintainer: ‘Xinyu Song <song.xinyu@mail.shufe.edu.cn>’
No Authors@R field in DESCRIPTION.
Please add one, modifying
Authors@R: person(given = "Xinyu",
family = "Song",
role = c("aut", "cre"),
email = "song.xinyu@mail.shufe.edu.cn")
as necessary.
Flavors: r-devel-linux-x86_64-debian-clang, r-devel-linux-x86_64-debian-gcc