CRAN Package Check Results for Package GARCOM

Last updated on 2025-04-30 04:50:06 CEST.

Flavor Version Tinstall Tcheck Ttotal Status Flags
r-devel-linux-x86_64-debian-clang 1.2.2 7.84 76.10 83.94 NOTE
r-devel-linux-x86_64-debian-gcc 1.2.2 5.61 53.85 59.46 NOTE
r-devel-linux-x86_64-fedora-clang 1.2.2 123.16 OK
r-devel-linux-x86_64-fedora-gcc 1.2.2 117.86 OK
r-devel-windows-x86_64 1.2.2 8.00 79.00 87.00 OK
r-patched-linux-x86_64 1.2.2 7.98 67.18 75.16 OK
r-release-linux-x86_64 1.2.2 7.38 67.71 75.09 OK
r-release-macos-arm64 1.2.2 56.00 OK
r-release-macos-x86_64 1.2.2 81.00 OK
r-release-windows-x86_64 1.2.2 8.00 81.00 89.00 OK
r-oldrel-macos-arm64 1.2.2 36.00 OK
r-oldrel-macos-x86_64 1.2.2 56.00 OK
r-oldrel-windows-x86_64 1.2.2 10.00 100.00 110.00 OK

Check Details

Version: 1.2.2
Check: CRAN incoming feasibility
Result: NOTE Maintainer: ‘Sanjeev Sariya <sanjeevsariya@gmail.com>’ Package CITATION file contains call(s) to old-style citEntry(). Please use bibentry() instead. Flavors: r-devel-linux-x86_64-debian-clang, r-devel-linux-x86_64-debian-gcc