Last updated on 2025-04-30 04:50:06 CEST.
Flavor | Version | Tinstall | Tcheck | Ttotal | Status | Flags |
---|---|---|---|---|---|---|
r-devel-linux-x86_64-debian-clang | 0.5.4 | 17.69 | 89.57 | 107.26 | NOTE | |
r-devel-linux-x86_64-debian-gcc | 0.5.4 | 12.11 | 64.28 | 76.39 | NOTE | |
r-devel-linux-x86_64-fedora-clang | 0.5.4 | 175.30 | OK | |||
r-devel-linux-x86_64-fedora-gcc | 0.5.4 | 185.80 | OK | |||
r-devel-windows-x86_64 | 0.5.4 | 20.00 | 120.00 | 140.00 | OK | |
r-patched-linux-x86_64 | 0.5.4 | 17.90 | 85.92 | 103.82 | OK | |
r-release-linux-x86_64 | 0.5.4 | 17.64 | 84.89 | 102.53 | OK | |
r-release-macos-arm64 | 0.5.4 | 67.00 | OK | |||
r-release-macos-x86_64 | 0.5.4 | 109.00 | OK | |||
r-release-windows-x86_64 | 0.5.4 | 22.00 | 122.00 | 144.00 | OK | |
r-oldrel-macos-arm64 | 0.5.4 | 53.00 | OK | |||
r-oldrel-macos-x86_64 | 0.5.4 | 82.00 | OK | |||
r-oldrel-windows-x86_64 | 0.5.4 | 23.00 | 148.00 | 171.00 | OK |
Version: 0.5.4
Check: CRAN incoming feasibility
Result: NOTE
Maintainer: ‘Ryan Sun <ryansun.work@gmail.com>’
The Description field contains
<arXiv:1710.02469> for more details.
Please refer to arXiv e-prints via their arXiv DOI <doi:10.48550/arXiv.YYMM.NNNNN>.
Flavors: r-devel-linux-x86_64-debian-clang, r-devel-linux-x86_64-debian-gcc