Last updated on 2025-04-30 04:50:06 CEST.
Flavor | Version | Tinstall | Tcheck | Ttotal | Status | Flags |
---|---|---|---|---|---|---|
r-devel-linux-x86_64-debian-clang | 4.2.0 | 20.48 | 58.09 | 78.57 | NOTE | |
r-devel-linux-x86_64-debian-gcc | 4.2.0 | 13.31 | 36.88 | 50.19 | OK | |
r-devel-linux-x86_64-fedora-clang | 4.2.0 | 134.11 | OK | |||
r-devel-linux-x86_64-fedora-gcc | 4.2.0 | 124.22 | OK | |||
r-devel-windows-x86_64 | 4.2.0 | 26.00 | 92.00 | 118.00 | OK | |
r-patched-linux-x86_64 | 4.2.0 | 20.40 | 53.32 | 73.72 | OK | |
r-release-linux-x86_64 | 4.2.0 | 19.02 | 55.07 | 74.09 | OK | |
r-release-macos-arm64 | 4.2.0 | 36.00 | OK | |||
r-release-macos-x86_64 | 4.2.0 | 62.00 | OK | |||
r-release-windows-x86_64 | 4.2.0 | 26.00 | 86.00 | 112.00 | OK | |
r-oldrel-macos-arm64 | 4.2.0 | 33.00 | OK | |||
r-oldrel-macos-x86_64 | 4.2.0 | 53.00 | OK | |||
r-oldrel-windows-x86_64 | 4.2.0 | 29.00 | 113.00 | 142.00 | OK |
Version: 4.2.0
Check: examples
Result: NOTE
Examples with CPU (user + system) or elapsed time > 5s
user system elapsed
HS 4.521 0.005 5.266
summaryCS 4.433 0.000 5.698
CS 4.304 0.004 5.665
summaryHS 4.176 0.000 5.252
Flavor: r-devel-linux-x86_64-debian-clang