Last updated on 2025-04-30 04:50:06 CEST.
Flavor | Version | Tinstall | Tcheck | Ttotal | Status | Flags |
---|---|---|---|---|---|---|
r-devel-linux-x86_64-debian-clang | 0.1.1 | 66.51 | 25.80 | 92.31 | NOTE | |
r-devel-linux-x86_64-debian-gcc | 0.1.1 | 47.35 | 20.40 | 67.75 | NOTE | |
r-devel-linux-x86_64-fedora-clang | 0.1.1 | 168.55 | NOTE | |||
r-devel-linux-x86_64-fedora-gcc | 0.1.1 | 175.21 | NOTE | |||
r-devel-windows-x86_64 | 0.1.1 | 76.00 | 63.00 | 139.00 | NOTE | |
r-patched-linux-x86_64 | 0.1.1 | 70.58 | 23.52 | 94.10 | NOTE | |
r-release-linux-x86_64 | 0.1.1 | 67.69 | 23.65 | 91.34 | NOTE | |
r-release-macos-arm64 | 0.1.1 | 42.00 | NOTE | |||
r-release-macos-x86_64 | 0.1.1 | 48.00 | NOTE | |||
r-release-windows-x86_64 | 0.1.1 | 77.00 | 69.00 | 146.00 | NOTE | |
r-oldrel-macos-arm64 | 0.1.1 | 41.00 | NOTE | |||
r-oldrel-macos-x86_64 | 0.1.1 | 42.00 | NOTE | |||
r-oldrel-windows-x86_64 | 0.1.1 | 85.00 | 78.00 | 163.00 | NOTE |
Version: 0.1.1
Check: C++ specification
Result: NOTE
Specified C++11: please drop specification unless essential
Flavors: r-devel-linux-x86_64-debian-clang, r-devel-linux-x86_64-debian-gcc, r-devel-linux-x86_64-fedora-clang, r-devel-linux-x86_64-fedora-gcc, r-devel-windows-x86_64, r-patched-linux-x86_64, r-release-linux-x86_64, r-release-macos-arm64, r-release-macos-x86_64, r-release-windows-x86_64, r-oldrel-macos-arm64, r-oldrel-macos-x86_64, r-oldrel-windows-x86_64