Last updated on 2025-04-30 04:50:06 CEST.
Flavor | Version | Tinstall | Tcheck | Ttotal | Status | Flags |
---|---|---|---|---|---|---|
r-devel-linux-x86_64-debian-clang | 1.0.7 | 9.53 | 155.89 | 165.42 | NOTE | |
r-devel-linux-x86_64-debian-gcc | 1.0.7 | 5.70 | 99.54 | 105.24 | OK | |
r-devel-linux-x86_64-fedora-clang | 1.0.7 | 246.57 | OK | |||
r-devel-linux-x86_64-fedora-gcc | 1.0.7 | 257.27 | OK | |||
r-devel-windows-x86_64 | 1.0.7 | 10.00 | 142.00 | 152.00 | OK | |
r-patched-linux-x86_64 | 1.0.7 | 9.22 | 144.99 | 154.21 | OK | |
r-release-linux-x86_64 | 1.0.7 | 7.57 | 144.55 | 152.12 | OK | |
r-release-macos-arm64 | 1.0.7 | 67.00 | OK | |||
r-release-macos-x86_64 | 1.0.7 | 225.00 | OK | |||
r-release-windows-x86_64 | 1.0.7 | 11.00 | 142.00 | 153.00 | OK | |
r-oldrel-macos-arm64 | 1.0.7 | 76.00 | OK | |||
r-oldrel-macos-x86_64 | 1.0.7 | 209.00 | OK | |||
r-oldrel-windows-x86_64 | 1.0.7 | 13.00 | 190.00 | 203.00 | OK |
Version: 1.0.7
Check: examples
Result: NOTE
Examples with CPU (user + system) or elapsed time > 5s
user system elapsed
merge_redundant_rows 4.960 0.043 6.169
align_chromatograms 3.789 0.168 5.265
Flavor: r-devel-linux-x86_64-debian-clang