Last updated on 2025-04-30 04:50:06 CEST.
Flavor | Version | Tinstall | Tcheck | Ttotal | Status | Flags |
---|---|---|---|---|---|---|
r-devel-linux-x86_64-debian-clang | 1.2.1 | 28.95 | 131.69 | 160.64 | NOTE | |
r-devel-linux-x86_64-debian-gcc | 1.2.1 | 15.02 | 86.65 | 101.67 | NOTE | |
r-devel-linux-x86_64-fedora-clang | 1.2.1 | 247.09 | OK | |||
r-devel-linux-x86_64-fedora-gcc | 1.2.1 | 241.57 | OK | |||
r-devel-windows-x86_64 | 1.2.1 | 26.00 | 111.00 | 137.00 | OK | |
r-patched-linux-x86_64 | 1.2.1 | 23.28 | 122.07 | 145.35 | OK | |
r-release-linux-x86_64 | 1.2.1 | 23.25 | 123.78 | 147.03 | OK | |
r-release-macos-arm64 | 1.2.1 | 60.00 | OK | |||
r-release-macos-x86_64 | 1.2.1 | 121.00 | OK | |||
r-release-windows-x86_64 | 1.2.1 | 25.00 | 114.00 | 139.00 | OK | |
r-oldrel-macos-arm64 | 1.2.1 | 65.00 | OK | |||
r-oldrel-macos-x86_64 | 1.2.1 | 187.00 | OK | |||
r-oldrel-windows-x86_64 | 1.2.1 | 31.00 | 156.00 | 187.00 | OK |
Version: 1.2.1
Check: examples
Result: NOTE
Examples with CPU (user + system) or elapsed time > 5s
user system elapsed
Estimation 10.034 0.024 11.409
NaiveEstimation_RealData 7.987 0.000 9.792
Estimation_RealData 6.280 0.000 7.954
NaiveEstimation 3.819 0.000 5.135
Flavor: r-devel-linux-x86_64-debian-clang
Version: 1.2.1
Check: examples
Result: NOTE
Examples with CPU (user + system) or elapsed time > 5s
user system elapsed
Estimation 6.867 0.160 7.744
NaiveEstimation_RealData 5.260 0.000 6.581
Estimation_RealData 4.175 0.007 5.094
Flavor: r-devel-linux-x86_64-debian-gcc