Last updated on 2025-04-30 04:50:06 CEST.
Flavor | Version | Tinstall | Tcheck | Ttotal | Status | Flags |
---|---|---|---|---|---|---|
r-devel-linux-x86_64-debian-clang | 0.0.3 | 6.10 | 165.92 | 172.02 | OK | |
r-devel-linux-x86_64-debian-gcc | 0.0.3 | 3.58 | 107.77 | 111.35 | OK | |
r-devel-linux-x86_64-fedora-clang | 0.0.3 | 248.26 | OK | |||
r-devel-linux-x86_64-fedora-gcc | 0.0.3 | 232.77 | OK | |||
r-devel-windows-x86_64 | 0.0.3 | 7.00 | 141.00 | 148.00 | ERROR | |
r-patched-linux-x86_64 | 0.0.3 | 5.86 | 152.83 | 158.69 | OK | |
r-release-linux-x86_64 | 0.0.3 | 4.72 | 151.07 | 155.79 | OK | |
r-release-macos-arm64 | 0.0.3 | 79.00 | OK | |||
r-release-macos-x86_64 | 0.0.3 | 152.00 | OK | |||
r-release-windows-x86_64 | 0.0.3 | 6.00 | 159.00 | 165.00 | OK | |
r-oldrel-macos-arm64 | 0.0.3 | 75.00 | OK | |||
r-oldrel-macos-x86_64 | 0.0.3 | 215.00 | OK | |||
r-oldrel-windows-x86_64 | 0.0.3 | 9.00 | 204.00 | 213.00 | OK |
Version: 0.0.3
Check: tests
Result: ERROR
Running 'testthat.R' [90s]
Running the tests in 'tests/testthat.R' failed.
Complete output:
> # This file is part of the standard setup for testthat.
> # It is recommended that you do not modify it.
> #
> # Where should you do additional test configuration?
> # Learn more about the roles of various files in:
> # * https://r-pkgs.org/testing-design.html#sec-tests-files-overview
> # * https://testthat.r-lib.org/articles/special-files.html
>
> library(testthat)
> library(GDILM.SEIRS)
>
> test_check("GDILM.SEIRS")
[ FAIL 1 | WARN 0 | SKIP 0 | PASS 1 ]
══ Failed tests ════════════════════════════════════════════════════════════════
── Error ('test-GDILM_SEIRS_Sim_Par_Est.R:2:3'): An example for a simulation study ──
Error in `if (det(EndY5r) < epsilon) {
EndY5r <- EndY5r + diag(epsilon, nrow(EndY5r))
}`: missing value where TRUE/FALSE needed
Backtrace:
▆
1. └─GDILM.SEIRS::GDILM_SEIRS_Sim_Par_Est(...) at test-GDILM_SEIRS_Sim_Par_Est.R:2:3
2. └─GDILM.SEIRS (local) estfun(...)
[ FAIL 1 | WARN 0 | SKIP 0 | PASS 1 ]
Error: Test failures
Execution halted
Flavor: r-devel-windows-x86_64