Last updated on 2025-04-30 04:50:06 CEST.
Flavor | Version | Tinstall | Tcheck | Ttotal | Status | Flags |
---|---|---|---|---|---|---|
r-devel-linux-x86_64-debian-clang | 0.4.8 | 7.55 | 83.59 | 91.14 | NOTE | |
r-devel-linux-x86_64-debian-gcc | 0.4.8 | 5.59 | 55.53 | 61.12 | NOTE | |
r-devel-linux-x86_64-fedora-clang | 0.4.8 | 141.06 | NOTE | |||
r-devel-linux-x86_64-fedora-gcc | 0.4.8 | 141.11 | NOTE | |||
r-devel-windows-x86_64 | 0.4.8 | 10.00 | 162.00 | 172.00 | NOTE | |
r-patched-linux-x86_64 | 0.4.8 | 9.74 | 77.77 | 87.51 | NOTE | |
r-release-linux-x86_64 | 0.4.8 | 8.14 | 78.59 | 86.73 | NOTE | |
r-release-macos-arm64 | 0.4.8 | 42.00 | NOTE | |||
r-release-macos-x86_64 | 0.4.8 | 132.00 | OK | |||
r-release-windows-x86_64 | 0.4.8 | 10.00 | 159.00 | 169.00 | NOTE | |
r-oldrel-macos-arm64 | 0.4.8 | 46.00 | OK | |||
r-oldrel-macos-x86_64 | 0.4.8 | 76.00 | OK | |||
r-oldrel-windows-x86_64 | 0.4.8 | 15.00 | 169.00 | 184.00 | OK |
Version: 0.4.8
Check: DESCRIPTION meta-information
Result: NOTE
Missing dependency on R >= 4.1.0 because package code uses the pipe
|> or function shorthand \(...) syntax added in R 4.1.0.
File(s) using such syntax:
‘gemTemporaryEquilibriumPath.Rd’
Flavors: r-devel-linux-x86_64-debian-clang, r-devel-linux-x86_64-debian-gcc, r-devel-linux-x86_64-fedora-clang, r-devel-linux-x86_64-fedora-gcc, r-devel-windows-x86_64, r-patched-linux-x86_64, r-release-linux-x86_64, r-release-macos-arm64, r-release-windows-x86_64
Version: 0.4.8
Check: examples
Result: NOTE
Examples with CPU (user + system) or elapsed time > 5s
user system elapsed
gemInputOutputTable_easy_5_4 6.24 0.047 7.953
Flavor: r-devel-linux-x86_64-debian-clang