Last updated on 2025-02-22 05:51:36 CET.
Flavor | Version | Tinstall | Tcheck | Ttotal | Status | Flags |
---|---|---|---|---|---|---|
r-devel-linux-x86_64-debian-clang | 1.0.2 | 31.81 | 23.47 | 55.28 | OK | |
r-devel-linux-x86_64-debian-gcc | 1.0.2 | 24.80 | 18.92 | 43.72 | OK | |
r-devel-linux-x86_64-fedora-clang | 1.0.2 | 99.05 | NOTE | |||
r-devel-linux-x86_64-fedora-gcc | 1.0.2 | 102.08 | NOTE | |||
r-devel-macos-arm64 | 1.0.2 | 30.00 | OK | |||
r-devel-macos-x86_64 | 1.0.2 | 51.00 | OK | |||
r-devel-windows-x86_64 | 1.0.2 | 33.00 | 79.00 | 112.00 | OK | |
r-patched-linux-x86_64 | 1.0.2 | 32.56 | 22.66 | 55.22 | OK | |
r-release-linux-x86_64 | 1.0.2 | 33.96 | 22.34 | 56.30 | OK | |
r-release-macos-arm64 | 1.0.2 | 30.00 | OK | |||
r-release-macos-x86_64 | 1.0.2 | 76.00 | OK | |||
r-release-windows-x86_64 | 1.0.2 | 33.00 | 77.00 | 110.00 | OK | |
r-oldrel-macos-arm64 | 1.0.2 | 35.00 | OK | |||
r-oldrel-macos-x86_64 | 1.0.2 | 54.00 | OK | |||
r-oldrel-windows-x86_64 | 1.0.2 | 42.00 | 76.00 | 118.00 | OK |
Version: 1.0.2
Check: compiled code
Result: NOTE
File ‘GEEaSPU/libs/GEEaSPU.so’:
Found no calls to: ‘R_registerRoutines’, ‘R_useDynamicSymbols’
It is good practice to register native routines and to disable symbol
search.
See ‘Writing portable packages’ in the ‘Writing R Extensions’ manual.
Flavors: r-devel-linux-x86_64-fedora-clang, r-devel-linux-x86_64-fedora-gcc