Last updated on 2025-04-30 04:50:06 CEST.
Flavor | Version | Tinstall | Tcheck | Ttotal | Status | Flags |
---|---|---|---|---|---|---|
r-devel-linux-x86_64-debian-clang | 0.3.2 | 11.93 | 94.41 | 106.34 | NOTE | |
r-devel-linux-x86_64-debian-gcc | 0.3.2 | 6.88 | 63.46 | 70.34 | NOTE | |
r-devel-linux-x86_64-fedora-clang | 0.3.2 | 151.80 | OK | |||
r-devel-linux-x86_64-fedora-gcc | 0.3.2 | 151.55 | OK | |||
r-devel-windows-x86_64 | 0.3.2 | 13.00 | 106.00 | 119.00 | OK | |
r-patched-linux-x86_64 | 0.3.2 | 10.59 | 89.11 | 99.70 | OK | |
r-release-linux-x86_64 | 0.3.2 | 9.47 | 89.83 | 99.30 | OK | |
r-release-macos-arm64 | 0.3.2 | 43.00 | OK | |||
r-release-macos-x86_64 | 0.3.2 | 88.00 | OK | |||
r-release-windows-x86_64 | 0.3.2 | 12.00 | 107.00 | 119.00 | OK | |
r-oldrel-macos-arm64 | 0.3.2 | 42.00 | OK | |||
r-oldrel-macos-x86_64 | 0.3.2 | 66.00 | OK | |||
r-oldrel-windows-x86_64 | 0.3.2 | 16.00 | 131.00 | 147.00 | OK |
Version: 0.3.2
Check: examples
Result: NOTE
Examples with CPU (user + system) or elapsed time > 5s
user system elapsed
bic.BLMCP 7.698 0.040 9.870
Miss.boosting 4.963 0.029 6.434
QPCorr.matrix 4.245 0.020 5.036
Flavor: r-devel-linux-x86_64-debian-clang
Version: 0.3.2
Check: examples
Result: NOTE
Examples with CPU (user + system) or elapsed time > 5s
user system elapsed
bic.BLMCP 4.473 0.091 5.307
Flavor: r-devel-linux-x86_64-debian-gcc